{"id":4311,"date":"2015-06-25T16:24:05","date_gmt":"2015-06-25T16:24:05","guid":{"rendered":"http:\/\/teucher-marcel.de\/?page_id=4311"},"modified":"2015-06-27T10:16:25","modified_gmt":"2015-06-27T10:16:25","slug":"das-haerteste-erzbergrodeo-aller-zeiten-hell-yeah","status":"publish","type":"page","link":"https:\/\/teucher-marcel.de\/?page_id=4311","title":{"rendered":"Das  h\u00e4rteste Erzbergrodeo aller Zeiten &#8211; \u201eHell Yeah\u201c"},"content":{"rendered":"<div id=\"dslc-main\">\n\t\t<div  class=\"dslc-modules-section \" style=\"background-color:rgb(0, 0, 0);background-image:url(https:\/\/teucher-marcel.de\/wp-content\/uploads\/2016\/07\/Erzbergrodeo.jpg);background-repeat:no-repeat;background-position:center center;background-attachment:fixed;background-size:cover;\" data-section-id=\"\">\n\t\t\t\t<div class=\"dslc-bg-video dslc-force-show\"><div class=\"dslc-bg-video-overlay\" style=\"background-color:#000000; opacity:0.7; \"><\/div><\/div>\n\t\t\t\t\n\t\t\t\t<div class=\"dslc-modules-section-wrapper dslc-clearfix\"> <div class=\"dslc-modules-area dslc-col dslc-12-col dslc-last-col\" data-size=\"12\" data-valign=\"\">\n\t\t<div id=\"dslc-module-313\" class=\"dslc-module-front dslc-module-DSLC_TP_Title dslc-in-viewport-check dslc-in-viewport-anim-none  dslc-col dslc-12-col  dslc-module-handle-like-regular \" data-module-id=\"313\" data-module=\"DSLC_TP_Title\" data-dslc-module-size=\"12\" data-dslc-anim=\"none\" data-dslc-anim-delay=\"0\" data-dslc-anim-duration=\"650\"  data-dslc-anim-easing=\"ease\" data-dslc-preset=\"none\" >\n\n\t\t\t\n\t\t\t\n\t\t\r\n\t\t\t\t<div class=\"dslc-tp-title\"><h1>Das  h\u00e4rteste Erzbergrodeo aller Zeiten &#8211; \u201eHell Yeah\u201c<\/h1><\/div>\r\n\r\n\t\t\t\n\t\t\t\t<\/div><!-- .dslc-module -->\n\t\t<\/div> <div class=\"dslc-modules-area dslc-col dslc-12-col dslc-last-col\" data-size=\"12\" data-valign=\"\">\n\t\t<div id=\"dslc-module-314\" class=\"dslc-module-front dslc-module-DSLC_Text_Simple dslc-in-viewport-check dslc-in-viewport-anim-dslcFadeIn  dslc-col dslc-12-col  dslc-module-handle-like-regular \" data-module-id=\"314\" data-module=\"DSLC_Text_Simple\" data-dslc-module-size=\"12\" data-dslc-anim=\"dslcFadeIn\" data-dslc-anim-delay=\"1000\" data-dslc-anim-duration=\"3000\"  data-dslc-anim-easing=\"linear\" data-dslc-preset=\"none\" >\n\n\t\t\t\n\t\t\t\n\t\t\r\n\t\t<div class=\"dslc-text-module-content\">\r\n\t\t\t<p style=\"text-align: justify;\"><span style=\"color: #ffffff;\">Um mein Bike auf das Erzbergrodeo vorzubereiten, hat mich mein Kumpel und Mechaniker Raphael im Vorfeld super unterst\u00fctzt. Ein gro\u00dfer Service war angesagt mit allem was n\u00f6tig war: Kolbenwechsel, neue Kupplung, neue Lager, Gabel und D\u00e4mpferservice, neue Mefo Mousse und neue Mitas Pneus\u2026. Am Ende stand ein perfekt vorbereitetes und fast neues Bike in meiner Garage - Ready to Race. Diese Zeit konnte ich sinnvoll nutzen um noch die Eine oder Andere lange Einheit auf dem Rennrad zu absolvieren. Ich kann von mir behaupten, dass ich wirklich sehr gut vorbereitet die Reise zum Erzberg antrat.<\/span><\/p><p style=\"text-align: justify;\"><span style=\"color: #ffffff;\"><a href=\"http:\/\/teucher-marcel.de\/wp-content\/uploads\/2015\/06\/Erzberg15_3.jpg\"><span style=\"color: #ffffff;\"><img width=\"750\" height=\"500\" class=\"aligncenter size-full wp-image-4318\" alt=\"Erzberg15_3\" src=\"http:\/\/teucher-marcel.de\/wp-content\/uploads\/2015\/06\/Erzberg15_3.jpg\"><\/span><\/a><\/span><\/p><p style=\"text-align: justify;\"><span style=\"color: #ffffff;\">Um den Wetterkapriolen am Berg aus dem Weg zu gehen, entschloss ich mich dieses Jahr dazu einen Trailer zu mieten. Mit einem richtig geilen Wohnmobil vom Renault Autohaus Seidel aus Zwickau durfte ich nach \u00d6sterreich fahren. Unsere Route f\u00fchrte \u00fcber CZ, da ich am Wochenende zuvor in Kadan, bei meiner Rennradrunde meinen Personalausweis verloren hatte. Ein super netter Tschechischer Apotheker fand diesen gl\u00fccklicher Weise und bot mir an, dass ich diesen in seiner Apotheke abzuholen k\u00f6nnte. An dieser Stelle ein gro\u00dfes Dankesch\u00f6n an Herrn Radek Oswald.<\/span><\/p><p style=\"text-align: justify;\"><span style=\"color: #ffffff;\">Gegen Abend am Berg angekommen wurden wir von unseren Th\u00fcringer Freunden schon im Special Paddock erwartet. Vielen Dank an Enno f\u00fcr das Parkticket - Factory Support.<\/span><\/p><p style=\"text-align: justify;\"><span style=\"color: #ffffff;\"><a href=\"http:\/\/teucher-marcel.de\/wp-content\/uploads\/2015\/06\/Erzberg15_5.jpg\"><span style=\"color: #ffffff;\"><img width=\"750\" height=\"563\" class=\"aligncenter size-full wp-image-4322\" alt=\"Erzberg15_5\" src=\"http:\/\/teucher-marcel.de\/wp-content\/uploads\/2015\/06\/Erzberg15_5.jpg\"><\/span><\/a><\/span><\/p><p style=\"text-align: justify;\"><span style=\"color: #ffffff;\">Donnerstag stand f\u00fcr mich der Trackwalk auf dem Programm. Aus den Vorjahren wusste ich, dass es f\u00fcr mich gut ist, den Track vorher weitestgehend abzugelaufen. Am fr\u00fchen Vormittag machte ich mich mit Rapha auf den Weg. Wir staunten nicht schlecht, was sich die Jungs sich an Streckenf\u00fchrung so ausgedacht haben. Optisch und im Vergleich zum Vorjahr einige Schleifen mehr und vor allem deutlich anspruchsvoller. Postiv war aber, es war trocken\u2026 Das machte es unterm Strich aber nicht einfacher\u2026 wie sich sp\u00e4ter rausstellte. Im Wald war \u201eWerksboden\u201c, doch die losen Schotterh\u00e4nge werden bei Trockenheit extrem tief\u2026 Wir legten insgesamt 30 km und \u00fcber 1500 H\u00f6henmeter zu Fu\u00df zur\u00fcck und da fehlten immer noch ca. 8 km Strecke. Dennoch, was f\u00fcr ein Tag :D.<\/span><\/p><p style=\"text-align: justify;\"><span style=\"color: #ffffff;\"><strong>Generali Iron Road Prolog<\/strong><\/span><\/p><p style=\"text-align: justify;\"><span style=\"color: #ffffff;\"><a href=\"http:\/\/teucher-marcel.de\/wp-content\/uploads\/2015\/06\/Erzberg15_2.jpg\"><span style=\"color: #ffffff;\"><img width=\"750\" height=\"750\" class=\"aligncenter size-full wp-image-4316\" alt=\"Erzberg15_2\" src=\"http:\/\/teucher-marcel.de\/wp-content\/uploads\/2015\/06\/Erzberg15_2.jpg\"><\/span><\/a><\/span><\/p><p style=\"text-align: justify;\"><span style=\"color: #ffffff;\">Da ich mit Startnummer 813 gem\u00e4\u00df Zeitplan erst gegen 13 Uhr dran war, ging f\u00fcr mich der Freitag sehr entspannt los. Doch als wir gegen 10 Uhr am Berg ankamen standen schon 1000er Startnummern an einer, aus gef\u00fchlt 500 Fahrern bestehenden Schlange. Meine Startnummer war so schon suboptimal. Doch es war den Leuten schei\u00df egal, wer wann dran war mit fahren. Ein absolutes Chaos und mit Abstand das am schlechtesten organisierte Prolog-Prozedere, was ich je erlebt habe. Ich selbst hab mich 2,5h in der prallen Sonne angestellt um dann den Mega zerh\u00e4mmerten Highspeedprolog raufzugl\u00fchen und zu hoffen, dass ich es irgendwie schaffe, trotz permanenten \u00dcberholungsverkehr und einer Sicht gleich Null, in eine vordere Startreihe zu gelangen. Unterm Strich war ich mit meinem Ergebnis nach dem ersten Lauf zufrieden. Platz 128 von 1500 gestarteten Fahrern, was die 3. Startreihe bedeutete. Mehr ist f\u00fcr mich unter diesen Bedingungen nicht drin.<\/span><\/p><p style=\"text-align: justify;\"><span style=\"color: #ffffff;\"><a href=\"http:\/\/teucher-marcel.de\/wp-content\/uploads\/2015\/06\/Erzberg15_1.jpg\"><span style=\"color: #ffffff;\"><img width=\"750\" height=\"500\" class=\"aligncenter size-full wp-image-4314\" alt=\"Erzberg15_1\" src=\"http:\/\/teucher-marcel.de\/wp-content\/uploads\/2015\/06\/Erzberg15_1.jpg\"><\/span><\/a><\/span><\/p><p style=\"text-align: justify;\"><span style=\"color: #ffffff;\">Wie die meisten sich denken k\u00f6nnen, ist es nahezu unm\u00f6glich sich am zweiten Tag zu verbessen. Doch ich pokerte und wollte so ziemlich als letztes an den Start gehen. Viel schlechter konnte die Strecke nicht werden. Falsch gedacht, ich wei\u00df nicht was die Steigerungsform von zerh\u00e4mmert ist, aber es war gigantisch zerammelt. Ich hatte zwar Abschnittsweise wirklich freie Fahrt, daf\u00fcr aber wahnsinnige Brems- und Beschleunigungswellen und unendlich viele Steine in der Spur - Aktion Sinnlos. Trotzdem fast die gleiche Zeit wie am Vortag, was hier ganz klar zeigt, wie sehr man sich verbessern k\u00f6nnte, wenn man denn freie Fahrt hat bzw. eine Hand voll Fahrer um sich herum hat, die ein \u00e4hnliches Tempo fahren. Da einige nicht gestartet sind, bedeutet das f\u00fcr mich Tagesrang 105. Trotzdem rutschte ich gesamt auf Platz 152 zur\u00fcck 1 Sekunde fehlte zur 3. Startreihe. Es waren wohl doch noch einige einen Tick schneller wie am Vortag, sei es durch einen Sturz am ersten Tag oder \u00e4hnliches\u2026 Unterm Strich, wer bei der Startnummernlotterie Gl\u00fcck hat, oder sich eben fr\u00fch am ersten Tag dreist gleich mit anstellt, profitiert definitiv. Hier m\u00fcsste mal eine bessere Organisation her. Auch das man als Fahrer dort 2,5h in der Sonne steht, kann irgendwo nicht sein\u2026 Der Platz w\u00e4re da um die Fahrer nach Startnummern vorzusortieren und auch um Zelte aufzubauen.<\/span><\/p><p style=\"text-align: justify;\"><span style=\"color: #ffffff;\"><a href=\"http:\/\/teucher-marcel.de\/wp-content\/uploads\/2015\/06\/Erzberg15_4.jpg\"><span style=\"color: #ffffff;\"><img width=\"750\" height=\"1000\" class=\"aligncenter size-full wp-image-4320\" alt=\"Erzberg15_4\" src=\"http:\/\/teucher-marcel.de\/wp-content\/uploads\/2015\/06\/Erzberg15_4.jpg\"><\/span><\/a><\/span><\/p><p style=\"text-align: justify;\"><span style=\"color: #ffffff;\"><strong>RedBull Hare Scamble<\/strong><\/span><\/p><p style=\"text-align: justify;\"><span style=\"color: #ffffff;\">Die Vorsortierung nach Startnummern klappte beim Hare Scrambe erstaunlich gut und vor allem super organisiert. Bei 30 Grad standen wir nun im Talkessel und warteten auf das Startsignal.<\/span><\/p><p style=\"text-align: justify;\"><span style=\"color: #ffffff;\">Als die Startflagge geschwungen wurde ging die erste Reihe mit 50 Fahrern auf die Strecke. Und allen war direkt klar, dass es eine staubige Angelegenheit wird. Endlich wurde mit einigen Minuten Versp\u00e4tung auch die 4. Reihe auf den Track geschickt. Ich kam ganz gut weg, schaute mir aber den Starthang in Ruhe an, was die anderen machen und nahm dann ganz stressfrei eine freie Spur zum hochfahren und \u00fcberlies das gegenseitige vom Mopped runterfahren den anderen.<\/span><\/p><p style=\"text-align: justify;\"><span style=\"color: #ffffff;\"><a href=\"http:\/\/teucher-marcel.de\/wp-content\/uploads\/2015\/06\/Erzberg15_6.jpg\"><span style=\"color: #ffffff;\"><img width=\"750\" height=\"500\" class=\"aligncenter size-full wp-image-4324\" alt=\"Erzberg15_6\" src=\"http:\/\/teucher-marcel.de\/wp-content\/uploads\/2015\/06\/Erzberg15_6.jpg\"><\/span><\/a><\/span><\/p><p style=\"text-align: justify;\"><span style=\"color: #ffffff;\">Dann ging es ohne Sicht durch den Staub in Richtung dem K\u00e4rcher Rocket Ride H\u00e4ngen. Diese waren mittlerweile gut ausgefahren und vor mir fuhr sich auch ein Fahrer fest, ich kam aber nicht aus dem Trichter raus und musste mich anstellen um dann an gleicher Stelle ohne Schwung auch h\u00e4ngen zu bleiben\u2026 Danach lief es bis kurz vor CP1 stressfrei. Doch am Hang angekommen, sah ich das Chaos. Um die 100 Fahrer unter anderem auch fast die komplette zweite und dritte Startreihe. Alle scheiterten an diesem Hang. Auch ich fand kein einziges Mal eine freie Spur um bis hochzufahren, was eigentlich das Hauptproblem war\u2026 Zum gef\u00fchlt 10. Versuch schaffte ich es ziemlich weit und ein paar Helfer zogen meine Karre mit einem Seil nach oben. Nach dieser Aktion lief es wieder super\u2026 ich fand meinen Rhythmus und k\u00e4mpfte mich immer weiter nach vorn. Ein paar Schnitzer hatte ich schon dabei, alles in allem lief es aber gut. Am CP Cuckoo\u00b4s Nest war der Fahrspa\u00df dann vorbei. Der Waldanstieg vor dem CP Stand voller Fahrer die schoben. Wir bildeten kleine Teams und brachten ein Bike nach dem anderen zum Checkpoint. Das ganze Prozedere kostete enorm viel Zeit.<\/span><\/p><p style=\"text-align: justify;\"><span style=\"color: #ffffff;\"><a href=\"http:\/\/teucher-marcel.de\/wp-content\/uploads\/2015\/06\/Erzberg15_7.jpg\"><span style=\"color: #ffffff;\"><img width=\"750\" height=\"423\" class=\"aligncenter size-full wp-image-4325\" alt=\"Erzberg15_7\" src=\"http:\/\/teucher-marcel.de\/wp-content\/uploads\/2015\/06\/Erzberg15_7.jpg\"><\/span><\/a><\/span><\/p><p style=\"text-align: justify;\"><span style=\"color: #ffffff;\">Danach lief es wieder ohne Probleme bis CP Carls Diner. Dort angekommen hatte ich noch gut lachen und 55 Minuten Zeit. Doch schon der Einstieg ins Diner kostetet viel \u00dcberwindung. Im \u201eLetti\"- Style surfte ich samt Bike ins Diner runter. Dann machte ich fix einige Meter und traf auf Streckenposten Rainer, der gleich etwas zu Essen und Wasser f\u00fcr mich hatte. Tausend Dank an dieser Stelle :) \u2026<\/span><\/p><p style=\"text-align: justify;\"><span style=\"color: #ffffff;\"><a href=\"http:\/\/teucher-marcel.de\/wp-content\/uploads\/2015\/06\/Erzberg15_8.jpg\"><span style=\"color: #ffffff;\"><img width=\"750\" height=\"422\" class=\"aligncenter size-full wp-image-4326\" alt=\"Erzberg15_8\" src=\"http:\/\/teucher-marcel.de\/wp-content\/uploads\/2015\/06\/Erzberg15_8.jpg\"><\/span><\/a><\/span><\/p><p style=\"text-align: justify;\"><span style=\"color: #ffffff;\">Dann schloss ich auf einen Fahrer auf an dem ich nicht vorbei kam. Ja nicht so einfach im CarlsDiner :D \u2026 Es war ein Kampf, Meter f\u00fcr Meter und immer neben der eigentlichen \u201eSpur\u201c aus den letzten Jahren. Ehe ich mich versah, war es dann auch schon vorbei. 4h Renndistanz waren geschafft und brachten mir einen sehr guten 57. Platz.<\/span><\/p><p style=\"text-align: justify;\"><span style=\"color: #ffffff;\"><a href=\"http:\/\/teucher-marcel.de\/wp-content\/uploads\/2015\/06\/Erzberg15_9.jpg\"><span style=\"color: #ffffff;\"><img width=\"750\" height=\"422\" class=\"aligncenter size-full wp-image-4327\" alt=\"Erzberg15_9\" src=\"http:\/\/teucher-marcel.de\/wp-content\/uploads\/2015\/06\/Erzberg15_9.jpg\"><\/span><\/a><\/span><\/p><p style=\"text-align: justify;\"><span style=\"color: #ffffff;\">Ich habe mich am Berg noch nie so fit gef\u00fchlt wie dieses Jahr. Doch mehr ist eben aus der 4. Startreihe nicht zu schaffen. Doch ein kleiner Trost war es schon, dass nur die f\u00fcnf besten Fahrer der Welt \u00fcberhaupt das Ziel in der Erzbergrodeo Arena erreichten. Dies aber auch nur nach einer gemeinsamen Schiebeaktion in der gr\u00fcnen H\u00f6lle. Danach wurde die Strecke w\u00e4hrend des Rennens auch noch gek\u00fcrzt um \u00fcberhaupt jemanden in der 4-st\u00fcndigen Fahrzeit im Ziel zu sehen. Walker, Gomez, Jarvis und Letti fuhren alle gemeinsam ins Ziel und setzten damit ein Zeichen. 4 Sieger gab es noch nie in der Erzberggeschichte - streng genommen gab es allerdings keinen Sieger, da ohne der Streckenk\u00fcrzung keiner das Ziel erreicht h\u00e4tte.<\/span><\/p><p style=\"text-align: justify;\"><span style=\"color: #ffffff;\">Das n\u00e4chste gro\u00dfe Event findet mit Juli mit den RedBull Romaniacs statt. F\u00fcr mich gilt es jetzt meine Erk\u00e4ltung auszukurieren um bei den Romaniacs wieder 100% fit zu sein. Ich freu mich schon. Cheers der Marcel<\/span><\/p><p style=\"text-align: justify;\"><span style=\"color: #ffffff;\"><a href=\"http:\/\/teucher-marcel.de\/wp-content\/uploads\/2015\/06\/Erzberg15_10.jpg\"><span style=\"color: #ffffff;\"><img width=\"750\" height=\"422\" class=\"size-full wp-image-4328\" alt=\"Erzberg15_10\" src=\"http:\/\/teucher-marcel.de\/wp-content\/uploads\/2015\/06\/Erzberg15_10.jpg\"><\/span><\/a><\/span><\/p>\t\t<\/div>\r\n\r\n\t\t\n\t\t\t\t<\/div><!-- .dslc-module -->\n\t\t<\/div> <\/div><\/div> \n\t\t<div  class=\"dslc-modules-section \" style=\"padding-bottom:21px;padding-top:21px;\" data-section-id=\"\">\n\t\t\t\t\n\t\t\t\t\n\t\t\t\t<div class=\"dslc-modules-section-wrapper dslc-clearfix\"> <div class=\"dslc-modules-area dslc-col dslc-12-col dslc-last-col\" data-size=\"12\" data-valign=\"\">\n\t\t<div id=\"dslc-module-315\" class=\"dslc-module-front dslc-module-DSLC_Navigation dslc-in-viewport-check dslc-in-viewport-anim-none  dslc-col dslc-12-col  dslc-module-handle-like-regular \" data-module-id=\"315\" data-module=\"DSLC_Navigation\" data-dslc-module-size=\"12\" data-dslc-anim=\"none\" data-dslc-anim-delay=\"0\" data-dslc-anim-duration=\"650\"  data-dslc-anim-easing=\"default\" data-dslc-preset=\"none\" >\n\n\t\t\t\n\t\t\t\n\t\t\t\t\t<div class=\"dslc-navigation dslc-navigation-sub-position-default dslc-navigation-res-t-disabled dslc-navigation-res-p-disabled dslc-navigation-orientation-horizontal\">\r\n\t\t\t\t<div class=\"dslc-navigation-inner\">\r\n\t\t\t\t\t<div class=\"menu-2-container\"><ul id=\"menu-3\" class=\"menu\"><li class=\"menu-item menu-item-type-custom menu-item-object-custom menu-item-home menu-item-5379\"><a href=\"http:\/\/teucher-marcel.de\">Home<\/a><\/li>\n<li class=\"menu-item menu-item-type-post_type menu-item-object-page menu-item-has-children menu-item-5380\"><a href=\"https:\/\/teucher-marcel.de\/?page_id=183\">News<\/a>\n<ul class=\"sub-menu\">\n\t<li class=\"menu-item menu-item-type-post_type menu-item-object-page menu-item-7382\"><a href=\"https:\/\/teucher-marcel.de\/?page_id=7378\">News 2026<\/a><\/li>\n\t<li class=\"menu-item menu-item-type-post_type menu-item-object-page menu-item-7321\"><a href=\"https:\/\/teucher-marcel.de\/?page_id=7319\">News 2025<\/a><\/li>\n\t<li class=\"menu-item menu-item-type-post_type menu-item-object-page menu-item-7228\"><a href=\"https:\/\/teucher-marcel.de\/?page_id=7225\">News 2024<\/a><\/li>\n\t<li class=\"menu-item menu-item-type-post_type menu-item-object-page menu-item-7189\"><a href=\"https:\/\/teucher-marcel.de\/?page_id=7175\">News 2022<\/a><\/li>\n\t<li class=\"menu-item menu-item-type-post_type menu-item-object-page menu-item-7155\"><a href=\"https:\/\/teucher-marcel.de\/?page_id=7153\">News 2021<\/a><\/li>\n\t<li class=\"menu-item menu-item-type-post_type menu-item-object-page menu-item-7047\"><a href=\"https:\/\/teucher-marcel.de\/?page_id=7044\">News 2020<\/a><\/li>\n\t<li class=\"menu-item menu-item-type-post_type menu-item-object-page menu-item-6826\"><a href=\"https:\/\/teucher-marcel.de\/?page_id=6824\">News 2019<\/a><\/li>\n\t<li class=\"menu-item menu-item-type-post_type menu-item-object-page menu-item-6388\"><a href=\"https:\/\/teucher-marcel.de\/?page_id=6363\">News  2018<\/a><\/li>\n\t<li class=\"menu-item menu-item-type-post_type menu-item-object-page menu-item-5909\"><a href=\"https:\/\/teucher-marcel.de\/?page_id=5907\">News 2017<\/a><\/li>\n\t<li class=\"menu-item menu-item-type-post_type menu-item-object-page menu-item-5381\"><a href=\"https:\/\/teucher-marcel.de\/?page_id=4880\">News 2016<\/a><\/li>\n\t<li class=\"menu-item menu-item-type-post_type menu-item-object-page menu-item-5382\"><a href=\"https:\/\/teucher-marcel.de\/?page_id=3865\">News 2015<\/a><\/li>\n\t<li class=\"menu-item menu-item-type-post_type menu-item-object-page menu-item-5383\"><a href=\"https:\/\/teucher-marcel.de\/?page_id=1066\">News 2014<\/a><\/li>\n\t<li class=\"menu-item menu-item-type-post_type menu-item-object-page menu-item-5385\"><a href=\"https:\/\/teucher-marcel.de\/?page_id=185\">News 2013<\/a><\/li>\n\t<li class=\"menu-item menu-item-type-post_type menu-item-object-page menu-item-5384\"><a href=\"https:\/\/teucher-marcel.de\/?page_id=315\">News 2012<\/a><\/li>\n<\/ul>\n<\/li>\n<li class=\"menu-item menu-item-type-post_type menu-item-object-page menu-item-5386\"><a href=\"https:\/\/teucher-marcel.de\/?page_id=5282\">Sportliche Laufbahn<\/a><\/li>\n<li class=\"menu-item menu-item-type-post_type menu-item-object-page menu-item-5387\"><a href=\"https:\/\/teucher-marcel.de\/?page_id=78\">Sponsoren<\/a><\/li>\n<li class=\"menu-item menu-item-type-post_type menu-item-object-page menu-item-has-children menu-item-5388\"><a href=\"https:\/\/teucher-marcel.de\/?page_id=4051\">Media<\/a>\n<ul class=\"sub-menu\">\n\t<li class=\"menu-item menu-item-type-custom menu-item-object-custom menu-item-7229\"><a href=\"https:\/\/www.instagram.com\/marcelteucher25\/\">Instagram<\/a><\/li>\n\t<li class=\"menu-item menu-item-type-custom menu-item-object-custom menu-item-5390\"><a href=\"http:\/\/teucher-marcel.de\/?page_id=710\">Fotogalerie<\/a><\/li>\n\t<li class=\"menu-item menu-item-type-post_type menu-item-object-page menu-item-5391\"><a href=\"https:\/\/teucher-marcel.de\/?page_id=4048\">Video<\/a><\/li>\n\t<li class=\"menu-item menu-item-type-post_type menu-item-object-page menu-item-5392\"><a href=\"https:\/\/teucher-marcel.de\/?page_id=537\">Presseberichte<\/a><\/li>\n\t<li class=\"menu-item menu-item-type-post_type menu-item-object-page menu-item-5393\"><a href=\"https:\/\/teucher-marcel.de\/?page_id=1165\">Mediaservice<\/a><\/li>\n<\/ul>\n<\/li>\n<li class=\"menu-item menu-item-type-post_type menu-item-object-page menu-item-5395\"><a href=\"https:\/\/teucher-marcel.de\/?page_id=749\">EnduroPro<\/a><\/li>\n<li class=\"menu-item menu-item-type-post_type menu-item-object-page menu-item-5397\"><a href=\"https:\/\/teucher-marcel.de\/?page_id=3948\">Impressum\/Kontakt<\/a><\/li>\n<\/ul><\/div>\r\n\t\t\t\t\t\t\t\t\t<\/div>\r\n\t\t\t<\/div>\r\n\t\t\t<div class=\"dslc-mobile-navigation dslc-navigation-res-t-disabled  dslc-navigation-res-p-disabled\">\r\n\t\t\t\t<select><option>- Select -<\/option><option value=\"http:\/\/teucher-marcel.de\" >Home<\/option><option value=\"https:\/\/teucher-marcel.de\/?page_id=183\" >News<\/option><option value=\"https:\/\/teucher-marcel.de\/?page_id=7378\" >News 2026<\/option><option value=\"https:\/\/teucher-marcel.de\/?page_id=7319\" >News 2025<\/option><option value=\"https:\/\/teucher-marcel.de\/?page_id=7225\" >News 2024<\/option><option value=\"https:\/\/teucher-marcel.de\/?page_id=7175\" >News 2022<\/option><option value=\"https:\/\/teucher-marcel.de\/?page_id=7153\" >News 2021<\/option><option value=\"https:\/\/teucher-marcel.de\/?page_id=7044\" >News 2020<\/option><option value=\"https:\/\/teucher-marcel.de\/?page_id=6824\" >News 2019<\/option><option value=\"https:\/\/teucher-marcel.de\/?page_id=6363\" >News  2018<\/option><option value=\"https:\/\/teucher-marcel.de\/?page_id=5907\" >News 2017<\/option><option value=\"https:\/\/teucher-marcel.de\/?page_id=4880\" >News 2016<\/option><option value=\"https:\/\/teucher-marcel.de\/?page_id=3865\" >News 2015<\/option><option value=\"https:\/\/teucher-marcel.de\/?page_id=1066\" > - News 2014<\/option><option value=\"https:\/\/teucher-marcel.de\/?page_id=185\" > - News 2013<\/option><option value=\"https:\/\/teucher-marcel.de\/?page_id=315\" > - News 2012<\/option><option value=\"https:\/\/teucher-marcel.de\/?page_id=5282\" >Sportliche Laufbahn<\/option><option value=\"https:\/\/teucher-marcel.de\/?page_id=78\" >Sponsoren<\/option><option value=\"https:\/\/teucher-marcel.de\/?page_id=4051\" >Media<\/option><option value=\"https:\/\/www.instagram.com\/marcelteucher25\/\" >Instagram<\/option><option value=\"http:\/\/teucher-marcel.de\/?page_id=710\" >Fotogalerie<\/option><option value=\"https:\/\/teucher-marcel.de\/?page_id=4048\" >Video<\/option><option value=\"https:\/\/teucher-marcel.de\/?page_id=537\" >Presseberichte<\/option><option value=\"https:\/\/teucher-marcel.de\/?page_id=1165\" >Mediaservice<\/option><option value=\"https:\/\/teucher-marcel.de\/?page_id=749\" >EnduroPro<\/option><option value=\"https:\/\/teucher-marcel.de\/?page_id=3948\" >Impressum\/Kontakt<\/option><\/select>\r\n\t\t\t\t<div class=\"dslc-mobile-navigation-hook\"><span class=\"dslc-icon dslc-icon-reorder\"><\/span><\/div>\r\n\t\t\t<\/div><!-- .dslc-mobile-navigation -->\r\n\r\n\t\t\t\r\n\t\t\t<script type=\"text\/javascript\">\r\n\t\t\t\tvar menuItems = document.querySelectorAll( '.dslc-navigation .menu > li.menu-item-has-children:not(.menu-with-arrow) > a' );\r\n\r\n\t\t\t\tfor (var i = 0, len = menuItems.length; i < len; i++) {\r\n\t\t\t\t  menuItems[i].insertAdjacentHTML('afterend', '<span class=\"dslc-navigation-arrow dslc-icon dslc-icon-chevron-down\"><\/span>');\r\n\t\t\t\t  menuItems[i].parentElement.className += \" menu-with-arrow\";\r\n\t\t\t\t}\r\n\t\t\t<\/script>\r\n\t\t\t\n\t\t\t\t<\/div><!-- .dslc-module -->\n\t\t<\/div> <\/div><\/div> <\/div>","protected":false},"excerpt":{"rendered":"<p>Das h\u00e4rteste Erzbergrodeo aller Zeiten &#8211; \u201eHell Yeah\u201c Um mein Bike auf das Erzbergrodeo vorzubereiten, hat mich mein Kumpel und Mechaniker Raphael im Vorfeld super unterst\u00fctzt. Ein gro\u00dfer Service war angesagt mit allem was n\u00f6tig war: Kolbenwechsel, neue Kupplung, neue Lager, Gabel und D\u00e4mpferservice, neue Mefo Mousse und neue Mitas Pneus\u2026. Am Ende stand ein [&hellip;]<\/p>\n","protected":false},"author":1,"featured_media":0,"parent":0,"menu_order":0,"comment_status":"closed","ping_status":"open","template":"fullpage.php","meta":{"ngg_post_thumbnail":0,"footnotes":"","_links_to":"","_links_to_target":""},"class_list":["post-4311","page","type-page","status-publish","hentry"],"_links":{"self":[{"href":"https:\/\/teucher-marcel.de\/index.php?rest_route=\/wp\/v2\/pages\/4311","targetHints":{"allow":["GET"]}}],"collection":[{"href":"https:\/\/teucher-marcel.de\/index.php?rest_route=\/wp\/v2\/pages"}],"about":[{"href":"https:\/\/teucher-marcel.de\/index.php?rest_route=\/wp\/v2\/types\/page"}],"author":[{"embeddable":true,"href":"https:\/\/teucher-marcel.de\/index.php?rest_route=\/wp\/v2\/users\/1"}],"replies":[{"embeddable":true,"href":"https:\/\/teucher-marcel.de\/index.php?rest_route=%2Fwp%2Fv2%2Fcomments&post=4311"}],"version-history":[{"count":10,"href":"https:\/\/teucher-marcel.de\/index.php?rest_route=\/wp\/v2\/pages\/4311\/revisions"}],"predecessor-version":[{"id":4334,"href":"https:\/\/teucher-marcel.de\/index.php?rest_route=\/wp\/v2\/pages\/4311\/revisions\/4334"}],"wp:attachment":[{"href":"https:\/\/teucher-marcel.de\/index.php?rest_route=%2Fwp%2Fv2%2Fmedia&parent=4311"}],"curies":[{"name":"wp","href":"https:\/\/api.w.org\/{rel}","templated":true}]}}