{"id":4459,"date":"2015-07-24T09:33:54","date_gmt":"2015-07-24T09:33:54","guid":{"rendered":"http:\/\/teucher-marcel.de\/?page_id=4459"},"modified":"2015-07-29T07:32:33","modified_gmt":"2015-07-29T07:32:33","slug":"red-bull-romaniacs-2015-race-report","status":"publish","type":"page","link":"https:\/\/teucher-marcel.de\/?page_id=4459","title":{"rendered":"Red Bull Romaniacs 2015 &#8211; Race Report"},"content":{"rendered":"<div id=\"dslc-main\">\n\t\t<div  class=\"dslc-modules-section \" style=\"background-color:rgb(0, 0, 0);background-image:url(https:\/\/teucher-marcel.de\/wp-content\/uploads\/2016\/07\/IMG_5645.jpg);background-repeat:no-repeat;background-position:center center;background-attachment:fixed;background-size:cover;\" data-section-id=\"\">\n\t\t\t\t<div class=\"dslc-bg-video dslc-force-show\"><div class=\"dslc-bg-video-overlay\" style=\"background-color:#000000; opacity:0.7; \"><\/div><\/div>\n\t\t\t\t\n\t\t\t\t<div class=\"dslc-modules-section-wrapper dslc-clearfix\"> <div class=\"dslc-modules-area dslc-col dslc-12-col dslc-last-col\" data-size=\"12\" data-valign=\"\">\n\t\t<div id=\"dslc-module-310\" class=\"dslc-module-front dslc-module-DSLC_TP_Title dslc-in-viewport-check dslc-in-viewport-anim-none  dslc-col dslc-12-col  dslc-module-handle-like-regular \" data-module-id=\"310\" data-module=\"DSLC_TP_Title\" data-dslc-module-size=\"12\" data-dslc-anim=\"none\" data-dslc-anim-delay=\"0\" data-dslc-anim-duration=\"650\"  data-dslc-anim-easing=\"ease\" data-dslc-preset=\"none\" >\n\n\t\t\t\n\t\t\t\n\t\t\r\n\t\t\t\t<div class=\"dslc-tp-title\"><h1>Red Bull Romaniacs 2015 &#8211; Race Report<\/h1><\/div>\r\n\r\n\t\t\t\n\t\t\t\t<\/div><!-- .dslc-module -->\n\t\t<\/div> <div class=\"dslc-modules-area dslc-col dslc-12-col dslc-last-col\" data-size=\"12\" data-valign=\"\">\n\t\t<div id=\"dslc-module-311\" class=\"dslc-module-front dslc-module-DSLC_Text_Simple dslc-in-viewport-check dslc-in-viewport-anim-dslcFadeIn  dslc-col dslc-12-col  dslc-module-handle-like-regular \" data-module-id=\"311\" data-module=\"DSLC_Text_Simple\" data-dslc-module-size=\"12\" data-dslc-anim=\"dslcFadeIn\" data-dslc-anim-delay=\"1000\" data-dslc-anim-duration=\"3000\"  data-dslc-anim-easing=\"linear\" data-dslc-preset=\"none\" >\n\n\t\t\t\n\t\t\t\n\t\t\r\n\t\t<div class=\"dslc-text-module-content\">\r\n\t\t\t<p style=\"text-align: justify;\"><span style=\"color: #ffffff;\">Die Red Bull Romaniacs waren auch in diesem Jahr wieder einer meiner Saisonh\u00f6hepunkte. Leider erwischte mich ausgerechnet vor diesem wichtigen Event eine Erk\u00e4ltung. Ich musste mein Training etwas umstellen, wurde aber rechtzeitig vor der Abreise nach Rum\u00e4nien wieder fit.<\/span><\/p><p style=\"text-align: justify;\"><span style=\"color: #ffffff;\"><a href=\"http:\/\/teucher-marcel.de\/wp-content\/uploads\/2015\/07\/Romaniacs15_1.jpg\"><span style=\"color: #ffffff;\"><img width=\"750\" height=\"500\" class=\"aligncenter size-full wp-image-4461\" alt=\"Romaniacs15_1\" src=\"http:\/\/teucher-marcel.de\/wp-content\/uploads\/2015\/07\/Romaniacs15_1.jpg\"><\/span><\/a><\/span><\/p><p style=\"text-align: justify;\"><span style=\"color: #ffffff;\">Diesmal begleiteten mich Markus Groschopp und Sven Reinwarth als meine Mechaniker. Dennis Sch\u00f6nfelder sorgte f\u00fcr die k\u00f6rperliche Regeneration nach den Renntagen als Physiotherapeut und Denis G\u00fcnther wie immer f\u00fcr die Organisation und Medienbetreuung. Ohne den Jungs w\u00e4re es nicht so eine Klasse Woche geworden.<\/span><\/p><p style=\"text-align: justify;\"><span style=\"color: #ffffff;\">Die Fahrt nach Sibiu gestaltete sich diesmal etwas entspannter. Die Rum\u00e4nen haben weite Teile der Autobahn fertig gestellt. Somit blieben nur noch 150km alte Rum\u00e4nische Landstra\u00dfe zwischen Arad und Deva. Diese reichten aber wie immer f\u00fcr den n\u00f6tigen Adrenalinkick zwischen den LKW\u00b4s.<\/span><\/p><p style=\"text-align: justify;\"><span style=\"color: #ffffff;\">Der Montag stand dann wieder im Zeichen der Abnahme und einigen tollen Gespr\u00e4che mit den Fahrerkollegen aus den 40 verschiedenen L\u00e4ndern. Wir beobachteten auch die Goldklasse Fahrer, die ein Training auf der Prologstrecke fahren konnten. Es gab nat\u00fcrlich wie immer ein paar Schwarze Schafe aus der Silberklasse, die ebenfalls den Prolog verbotener Wei\u00dfe schon einmal trainierten. Und keiner hat was dagegen unternommen. Einziger Kritikpunkt der gesamten Veranstaltung.<\/span><\/p><p style=\"text-align: justify;\"><span style=\"color: #ffffff;\"><a href=\"http:\/\/teucher-marcel.de\/wp-content\/uploads\/2015\/07\/Romaniacs15_2.jpg\"><span style=\"color: #ffffff;\"><img width=\"750\" height=\"500\" class=\"aligncenter size-full wp-image-4462\" alt=\"Romaniacs15_2\" src=\"http:\/\/teucher-marcel.de\/wp-content\/uploads\/2015\/07\/Romaniacs15_2.jpg\"><\/span><\/a><\/span><\/p><p style=\"text-align: justify;\"><span style=\"color: #ffffff;\">Am Dienstag begann dann endlich die Rennaction. Leider unter nassen Bedingungen, es regnete. Das machte den ohnehin schon schweren Prolog nun noch kniffeliger. Dies erfuhr ich hautnah gleich bei meiner Qualirunde. Am ersten Hindernis kam ich aus dem Rhythmus und kam fast zu Fall, konnte aber noch retten. Durch den verkorksten Prolog-Qualilauf stand nur Platz 24 im Ergebnis und eine hintere Reihe im 15 Minuten Prolog Race. Ich versuchte dort soweit wie m\u00f6glich nach vorn zu kommen. An den ersten Hindernissen lief es diesmal besser und ich konnte einige Pl\u00e4tze gut machen. Zur Rennhalbzeit bin ich etwas zu langsam auf ein Holzhindernis gefahren, verlor den Grip und st\u00fcrzte r\u00fcckw\u00e4rts wieder runter. Fazit daraus war ein krummes Heck um schmerzen im Bein. Ich k\u00e4mpfte aber weiter und erreichte Platz 18. Am Abend machte mich Dennis wieder fit und meine Mechaniker leisteten Top Arbeit und richteten das Motorrad und bereiteten alles f\u00fcr den ersten Offroadtag vor.<\/span><\/p><p style=\"text-align: justify;\"><span style=\"color: #ffffff;\"><a href=\"http:\/\/teucher-marcel.de\/wp-content\/uploads\/2015\/07\/Romaniacs15_3.jpg\"><span style=\"color: #ffffff;\"><img width=\"750\" height=\"500\" class=\"aligncenter size-full wp-image-4463\" alt=\"Romaniacs15_3\" src=\"http:\/\/teucher-marcel.de\/wp-content\/uploads\/2015\/07\/Romaniacs15_3.jpg\"><\/span><\/a><\/span><\/p><p style=\"text-align: justify;\"><span style=\"color: #ffffff;\">Romaniacs bedeutete auch dieses Jahr wieder wenig Schlaf. Der erste Renntag begann f\u00fcr mich 7.42 Uhr am 50 Kilometer entfernten Offroadstart. Auch der Anfang dieses ersten langen Tages verlief nicht problemlos. Mein L\u00fcfter quittierte direkt nach dem Start den Dienst, wodurch ich die eine oder andere Pause einlegen musste um den Motor nicht zu \u00fcberhitzen. Wie im letzten Jahr war auch diesmal der erste Tag mit Abstand der schwerste des ganzen Rennens. \u00dcber 50% der Silberfahrer schieden bereits aus. Ich schloss auf den Neuseel\u00e4nder Clarke auf und konnte sein Tempo gut mitgehen, verpasste aber etwas zu essen und bekam einen Hungerast und musste abreisen lassen. Nach dem Service, wo ich mich st\u00e4rken konnte und auch der L\u00fcfter wieder in Gang gebracht wurde lief es wieder gut (Sicherung durchgebrannt). Tagesplatz 11 stimmte mich zuversichtlich.<\/span><\/p><p style=\"text-align: justify;\"><span style=\"color: #ffffff;\">Bis zum Servicepunkt war der zweite Tag erneut sehr anspruchsvoll. Nach dem Service wurde es dann etwas leichter, es blieb aber technisch und somit auch weiterhin konditionsraubend.<\/span><\/p><p style=\"text-align: justify;\"><span style=\"color: #ffffff;\"><a href=\"http:\/\/teucher-marcel.de\/wp-content\/uploads\/2015\/07\/Romaniacs15_4.jpg\"><span style=\"color: #ffffff;\"><img width=\"749\" height=\"499\" class=\"aligncenter size-full wp-image-4464\" alt=\"Romaniacs15_4\" src=\"http:\/\/teucher-marcel.de\/wp-content\/uploads\/2015\/07\/Romaniacs15_4.jpg\"><\/span><\/a><\/span><\/p><p style=\"text-align: justify;\"><span style=\"color: #ffffff;\">Die gr\u00f6\u00dften Probleme bereiteten mir die vielen langen und teilweise super steilen Downhills. Daran muss ich f\u00fcr kommendes Jahr arbeiten.<\/span><\/p><p style=\"text-align: justify;\"><span style=\"color: #ffffff;\">Am letzten Tag war das Ziel wieder am legend\u00e4ren Gusterita Hang. Kurz vorher galt es nochmal einen tiefen Flu\u00df zu queren. Ich erwischte die falsche viel zu Tiefe Spur und meine KTM zog Wasser. Durch diese Aktion musste ich wie im letzten Jahr entw\u00e4ssern. Mit Kerze wechseln und den ganzen Programm. Letztlich hat mich dies aber keinen Platz in der Gesamtwertung gekostet und ich konnte auf Platz 11 die ROMANIACS 2015 beenden.<\/span><\/p><p style=\"text-align: justify;\"><span style=\"color: #ffffff;\"><a href=\"http:\/\/teucher-marcel.de\/wp-content\/uploads\/2015\/07\/Romaniacs15_5.jpg\"><span style=\"color: #ffffff;\"><img width=\"750\" height=\"500\" class=\"aligncenter size-full wp-image-4465\" alt=\"Romaniacs15_5\" src=\"http:\/\/teucher-marcel.de\/wp-content\/uploads\/2015\/07\/Romaniacs15_5.jpg\"><\/span><\/a><\/span><\/p><p style=\"text-align: justify;\"><span style=\"color: #ffffff;\">Die Leistungsdichte war in diesem Jahr nochmals h\u00f6her. Die Top5 w\u00fcrden sicher auch in der Gold Klasse vordere pl\u00e4tze einfahren. Die Australier und Neuseel\u00e4nder verfolgen in Ihren L\u00e4ndern wahrscheinlich eine richtige Philosophie \u00fcber den Verb\u00e4nden und Ortsclubs. Sie waren f\u00fcr mich in diesem Jahr nicht zu knacken. Hier in Deutschland fehlt uns meiner Meinung nach der Support von den Verb\u00e4nden, welche den Extreme Enduro Sport in keinster Weise f\u00f6rdern. Sogar der ADAC l\u00e4sst uns Sachsen mittlerweile im Stich! Was ich f\u00fcr nicht richtig finde und an dieser Stelle ruhig mal erw\u00e4hnt werden muss. Extreme Enduro und Enduro sind zwei verschiedene Sportarten. Und beide haben es verdient gleicherma\u00dfen Unterst\u00fctzt zu werden.<\/span><\/p><p style=\"text-align: justify;\"><span style=\"color: #ffffff;\">Daf\u00fcr geht ein riesen Dankesch\u00f6n an meine Betreuer. Ich konnte mich komplett aufs Fahren konzentrieren. Ihr habt einen Mega Job gemacht. Danke auch noch an meine Sponsoren ohne denen so ein gro\u00dfes Event f\u00fcr mich nicht machbar w\u00e4re. Rund um eine perfekte Unterst\u00fctzung. Danke.<\/span><\/p><p style=\"text-align: justify;\"><span style=\"color: #ffffff;\">Mein n\u00e4chstes Extremenduro wird am letzten August Wochenende in Poiana Marului beim Regiment 13 sein. Die Vorbereitung f\u00fcr Red Bull Sea to Sky steht ebenfalls bereits in den Startl\u00f6chern.<\/span><\/p><p style=\"text-align: justify;\"><span style=\"color: #ffffff;\"><a href=\"http:\/\/teucher-marcel.de\/index.php\/nggallery\/page\/1?page_id=4452\"><span style=\"color: #ffffff;\">Fotogalerie<\/span><\/a><\/span><\/p><p style=\"text-align: justify;\">&nbsp;<\/p>\t\t<\/div>\r\n\r\n\t\t\n\t\t\t\t<\/div><!-- .dslc-module -->\n\t\t<\/div> <\/div><\/div> \n\t\t<div  class=\"dslc-modules-section \" style=\"padding-bottom:21px;padding-top:21px;\" data-section-id=\"\">\n\t\t\t\t\n\t\t\t\t\n\t\t\t\t<div class=\"dslc-modules-section-wrapper dslc-clearfix\"> <div class=\"dslc-modules-area dslc-col dslc-12-col dslc-last-col\" data-size=\"12\" data-valign=\"\">\n\t\t<div id=\"dslc-module-312\" class=\"dslc-module-front dslc-module-DSLC_Navigation dslc-in-viewport-check dslc-in-viewport-anim-none  dslc-col dslc-12-col  dslc-module-handle-like-regular \" data-module-id=\"312\" data-module=\"DSLC_Navigation\" data-dslc-module-size=\"12\" data-dslc-anim=\"none\" data-dslc-anim-delay=\"0\" data-dslc-anim-duration=\"650\"  data-dslc-anim-easing=\"default\" data-dslc-preset=\"none\" >\n\n\t\t\t\n\t\t\t\n\t\t\t\t\t<div class=\"dslc-navigation dslc-navigation-sub-position-default dslc-navigation-res-t-disabled dslc-navigation-res-p-disabled dslc-navigation-orientation-horizontal\">\r\n\t\t\t\t<div class=\"dslc-navigation-inner\">\r\n\t\t\t\t\t<div class=\"menu-2-container\"><ul id=\"menu-3\" class=\"menu\"><li class=\"menu-item menu-item-type-custom menu-item-object-custom menu-item-home menu-item-5379\"><a href=\"http:\/\/teucher-marcel.de\">Home<\/a><\/li>\n<li class=\"menu-item menu-item-type-post_type menu-item-object-page menu-item-has-children menu-item-5380\"><a href=\"https:\/\/teucher-marcel.de\/?page_id=183\">News<\/a>\n<ul class=\"sub-menu\">\n\t<li class=\"menu-item menu-item-type-post_type menu-item-object-page menu-item-7382\"><a href=\"https:\/\/teucher-marcel.de\/?page_id=7378\">News 2026<\/a><\/li>\n\t<li class=\"menu-item menu-item-type-post_type menu-item-object-page menu-item-7321\"><a href=\"https:\/\/teucher-marcel.de\/?page_id=7319\">News 2025<\/a><\/li>\n\t<li class=\"menu-item menu-item-type-post_type menu-item-object-page menu-item-7228\"><a href=\"https:\/\/teucher-marcel.de\/?page_id=7225\">News 2024<\/a><\/li>\n\t<li class=\"menu-item menu-item-type-post_type menu-item-object-page menu-item-7189\"><a href=\"https:\/\/teucher-marcel.de\/?page_id=7175\">News 2022<\/a><\/li>\n\t<li class=\"menu-item menu-item-type-post_type menu-item-object-page menu-item-7155\"><a href=\"https:\/\/teucher-marcel.de\/?page_id=7153\">News 2021<\/a><\/li>\n\t<li class=\"menu-item menu-item-type-post_type menu-item-object-page menu-item-7047\"><a href=\"https:\/\/teucher-marcel.de\/?page_id=7044\">News 2020<\/a><\/li>\n\t<li class=\"menu-item menu-item-type-post_type menu-item-object-page menu-item-6826\"><a href=\"https:\/\/teucher-marcel.de\/?page_id=6824\">News 2019<\/a><\/li>\n\t<li class=\"menu-item menu-item-type-post_type menu-item-object-page menu-item-6388\"><a href=\"https:\/\/teucher-marcel.de\/?page_id=6363\">News  2018<\/a><\/li>\n\t<li class=\"menu-item menu-item-type-post_type menu-item-object-page menu-item-5909\"><a href=\"https:\/\/teucher-marcel.de\/?page_id=5907\">News 2017<\/a><\/li>\n\t<li class=\"menu-item menu-item-type-post_type menu-item-object-page menu-item-5381\"><a href=\"https:\/\/teucher-marcel.de\/?page_id=4880\">News 2016<\/a><\/li>\n\t<li class=\"menu-item menu-item-type-post_type menu-item-object-page menu-item-5382\"><a href=\"https:\/\/teucher-marcel.de\/?page_id=3865\">News 2015<\/a><\/li>\n\t<li class=\"menu-item menu-item-type-post_type menu-item-object-page menu-item-5383\"><a href=\"https:\/\/teucher-marcel.de\/?page_id=1066\">News 2014<\/a><\/li>\n\t<li class=\"menu-item menu-item-type-post_type menu-item-object-page menu-item-5385\"><a href=\"https:\/\/teucher-marcel.de\/?page_id=185\">News 2013<\/a><\/li>\n\t<li class=\"menu-item menu-item-type-post_type menu-item-object-page menu-item-5384\"><a href=\"https:\/\/teucher-marcel.de\/?page_id=315\">News 2012<\/a><\/li>\n<\/ul>\n<\/li>\n<li class=\"menu-item menu-item-type-post_type menu-item-object-page menu-item-5386\"><a href=\"https:\/\/teucher-marcel.de\/?page_id=5282\">Sportliche Laufbahn<\/a><\/li>\n<li class=\"menu-item menu-item-type-post_type menu-item-object-page menu-item-5387\"><a href=\"https:\/\/teucher-marcel.de\/?page_id=78\">Sponsoren<\/a><\/li>\n<li class=\"menu-item menu-item-type-post_type menu-item-object-page menu-item-has-children menu-item-5388\"><a href=\"https:\/\/teucher-marcel.de\/?page_id=4051\">Media<\/a>\n<ul class=\"sub-menu\">\n\t<li class=\"menu-item menu-item-type-custom menu-item-object-custom menu-item-7229\"><a href=\"https:\/\/www.instagram.com\/marcelteucher25\/\">Instagram<\/a><\/li>\n\t<li class=\"menu-item menu-item-type-custom menu-item-object-custom menu-item-5390\"><a href=\"http:\/\/teucher-marcel.de\/?page_id=710\">Fotogalerie<\/a><\/li>\n\t<li class=\"menu-item menu-item-type-post_type menu-item-object-page menu-item-5391\"><a href=\"https:\/\/teucher-marcel.de\/?page_id=4048\">Video<\/a><\/li>\n\t<li class=\"menu-item menu-item-type-post_type menu-item-object-page menu-item-5392\"><a href=\"https:\/\/teucher-marcel.de\/?page_id=537\">Presseberichte<\/a><\/li>\n\t<li class=\"menu-item menu-item-type-post_type menu-item-object-page menu-item-5393\"><a href=\"https:\/\/teucher-marcel.de\/?page_id=1165\">Mediaservice<\/a><\/li>\n<\/ul>\n<\/li>\n<li class=\"menu-item menu-item-type-post_type menu-item-object-page menu-item-5395\"><a href=\"https:\/\/teucher-marcel.de\/?page_id=749\">EnduroPro<\/a><\/li>\n<li class=\"menu-item menu-item-type-post_type menu-item-object-page menu-item-5397\"><a href=\"https:\/\/teucher-marcel.de\/?page_id=3948\">Impressum\/Kontakt<\/a><\/li>\n<\/ul><\/div>\r\n\t\t\t\t\t\t\t\t\t<\/div>\r\n\t\t\t<\/div>\r\n\t\t\t<div class=\"dslc-mobile-navigation dslc-navigation-res-t-disabled  dslc-navigation-res-p-disabled\">\r\n\t\t\t\t<select><option>- Select -<\/option><option value=\"http:\/\/teucher-marcel.de\" >Home<\/option><option value=\"https:\/\/teucher-marcel.de\/?page_id=183\" >News<\/option><option value=\"https:\/\/teucher-marcel.de\/?page_id=7378\" >News 2026<\/option><option value=\"https:\/\/teucher-marcel.de\/?page_id=7319\" >News 2025<\/option><option value=\"https:\/\/teucher-marcel.de\/?page_id=7225\" >News 2024<\/option><option value=\"https:\/\/teucher-marcel.de\/?page_id=7175\" >News 2022<\/option><option value=\"https:\/\/teucher-marcel.de\/?page_id=7153\" >News 2021<\/option><option value=\"https:\/\/teucher-marcel.de\/?page_id=7044\" >News 2020<\/option><option value=\"https:\/\/teucher-marcel.de\/?page_id=6824\" >News 2019<\/option><option value=\"https:\/\/teucher-marcel.de\/?page_id=6363\" >News  2018<\/option><option value=\"https:\/\/teucher-marcel.de\/?page_id=5907\" >News 2017<\/option><option value=\"https:\/\/teucher-marcel.de\/?page_id=4880\" >News 2016<\/option><option value=\"https:\/\/teucher-marcel.de\/?page_id=3865\" >News 2015<\/option><option value=\"https:\/\/teucher-marcel.de\/?page_id=1066\" > - News 2014<\/option><option value=\"https:\/\/teucher-marcel.de\/?page_id=185\" > - News 2013<\/option><option value=\"https:\/\/teucher-marcel.de\/?page_id=315\" > - News 2012<\/option><option value=\"https:\/\/teucher-marcel.de\/?page_id=5282\" >Sportliche Laufbahn<\/option><option value=\"https:\/\/teucher-marcel.de\/?page_id=78\" >Sponsoren<\/option><option value=\"https:\/\/teucher-marcel.de\/?page_id=4051\" >Media<\/option><option value=\"https:\/\/www.instagram.com\/marcelteucher25\/\" >Instagram<\/option><option value=\"http:\/\/teucher-marcel.de\/?page_id=710\" >Fotogalerie<\/option><option value=\"https:\/\/teucher-marcel.de\/?page_id=4048\" >Video<\/option><option value=\"https:\/\/teucher-marcel.de\/?page_id=537\" >Presseberichte<\/option><option value=\"https:\/\/teucher-marcel.de\/?page_id=1165\" >Mediaservice<\/option><option value=\"https:\/\/teucher-marcel.de\/?page_id=749\" >EnduroPro<\/option><option value=\"https:\/\/teucher-marcel.de\/?page_id=3948\" >Impressum\/Kontakt<\/option><\/select>\r\n\t\t\t\t<div class=\"dslc-mobile-navigation-hook\"><span class=\"dslc-icon dslc-icon-reorder\"><\/span><\/div>\r\n\t\t\t<\/div><!-- .dslc-mobile-navigation -->\r\n\r\n\t\t\t\r\n\t\t\t<script type=\"text\/javascript\">\r\n\t\t\t\tvar menuItems = document.querySelectorAll( '.dslc-navigation .menu > li.menu-item-has-children:not(.menu-with-arrow) > a' );\r\n\r\n\t\t\t\tfor (var i = 0, len = menuItems.length; i < len; i++) {\r\n\t\t\t\t  menuItems[i].insertAdjacentHTML('afterend', '<span class=\"dslc-navigation-arrow dslc-icon dslc-icon-chevron-down\"><\/span>');\r\n\t\t\t\t  menuItems[i].parentElement.className += \" menu-with-arrow\";\r\n\t\t\t\t}\r\n\t\t\t<\/script>\r\n\t\t\t\n\t\t\t\t<\/div><!-- .dslc-module -->\n\t\t<\/div> <\/div><\/div> <\/div>","protected":false},"excerpt":{"rendered":"<p>Red Bull Romaniacs 2015 &#8211; Race Report Die Red Bull Romaniacs waren auch in diesem Jahr wieder einer meiner Saisonh\u00f6hepunkte. Leider erwischte mich ausgerechnet vor diesem wichtigen Event eine Erk\u00e4ltung. Ich musste mein Training etwas umstellen, wurde aber rechtzeitig vor der Abreise nach Rum\u00e4nien wieder fit.Diesmal begleiteten mich Markus Groschopp und Sven Reinwarth als meine [&hellip;]<\/p>\n","protected":false},"author":1,"featured_media":0,"parent":0,"menu_order":0,"comment_status":"closed","ping_status":"open","template":"fullpage.php","meta":{"ngg_post_thumbnail":0,"footnotes":"","_links_to":"","_links_to_target":""},"class_list":["post-4459","page","type-page","status-publish","hentry"],"_links":{"self":[{"href":"https:\/\/teucher-marcel.de\/index.php?rest_route=\/wp\/v2\/pages\/4459","targetHints":{"allow":["GET"]}}],"collection":[{"href":"https:\/\/teucher-marcel.de\/index.php?rest_route=\/wp\/v2\/pages"}],"about":[{"href":"https:\/\/teucher-marcel.de\/index.php?rest_route=\/wp\/v2\/types\/page"}],"author":[{"embeddable":true,"href":"https:\/\/teucher-marcel.de\/index.php?rest_route=\/wp\/v2\/users\/1"}],"replies":[{"embeddable":true,"href":"https:\/\/teucher-marcel.de\/index.php?rest_route=%2Fwp%2Fv2%2Fcomments&post=4459"}],"version-history":[{"count":5,"href":"https:\/\/teucher-marcel.de\/index.php?rest_route=\/wp\/v2\/pages\/4459\/revisions"}],"predecessor-version":[{"id":4473,"href":"https:\/\/teucher-marcel.de\/index.php?rest_route=\/wp\/v2\/pages\/4459\/revisions\/4473"}],"wp:attachment":[{"href":"https:\/\/teucher-marcel.de\/index.php?rest_route=%2Fwp%2Fv2%2Fmedia&parent=4459"}],"curies":[{"name":"wp","href":"https:\/\/api.w.org\/{rel}","templated":true}]}}