{"id":6363,"date":"2018-01-10T16:49:47","date_gmt":"2018-01-10T16:49:47","guid":{"rendered":"http:\/\/teucher-marcel.de\/?page_id=6363"},"modified":"2018-01-10T16:49:47","modified_gmt":"2018-01-10T16:49:47","slug":"news-2018","status":"publish","type":"page","link":"https:\/\/teucher-marcel.de\/?page_id=6363","title":{"rendered":"News  2018"},"content":{"rendered":"<div id=\"dslc-main\">\n\t\t<div  class=\"dslc-modules-section \" style=\"padding-bottom:19px;padding-top:19px;\" data-section-id=\"c249ab303c0\">\n\t\t\t\t\n\t\t\t\t\n\t\t\t\t<div class=\"dslc-modules-section-wrapper dslc-clearfix\"><div class=\"dslc-modules-area dslc-col dslc-12-col dslc-last-col dslc-valign- \" data-size=\"12\" data-valign=\"\">\n\t\t<div id=\"dslc-module-cd3ea06c10b\" class=\"dslc-module-front dslc-module-DSLC_TP_Title dslc-in-viewport-check dslc-in-viewport-anim-none  dslc-col dslc-12-col dslc-last-col  dslc-module-handle-like-regular \" data-module-id=\"cd3ea06c10b\" data-module=\"DSLC_TP_Title\" data-dslc-module-size=\"12\" data-dslc-anim=\"none\" data-dslc-anim-delay=\"\" data-dslc-anim-duration=\"650\"  data-dslc-anim-easing=\"ease\" data-dslc-preset=\"none\" >\n\n\t\t\t\n\t\t\t\n\t\t\r\n\t\t\t\t<div class=\"dslc-tp-title\"><h1><strong>Rund um Zschopau \u2013 Die Wiege des Endurosports<\/strong><\/h1><\/div>\r\n\r\n\t\t\t\n\t\t\t\t<\/div><!-- .dslc-module -->\n\t\t<\/div><\/div><\/div>\n\t\t<div  class=\"dslc-modules-section \" style=\"background-color:rgb(0, 0, 0);background-image:url(https:\/\/teucher-marcel.de\/wp-content\/uploads\/2024\/10\/DEM_9617-scaled.jpg);background-image:url(https:\/\/teucher-marcel.de\/wp-content\/uploads\/2024\/06\/ERZ_2382-scaled.jpg);background-repeat:no-repeat;background-position:center bottom;background-size:cover;\" data-section-id=\"a4f8cc8a15e\">\n\t\t\t\t<div class=\"dslc-bg-video dslc-force-show\"><div class=\"dslc-bg-video-overlay\" style=\"background-color:#000000; opacity:0.7; \"><\/div><\/div>\n\t\t\t\t\n\t\t\t\t<div class=\"dslc-modules-section-wrapper dslc-clearfix\"><div class=\"dslc-modules-area dslc-col dslc-12-col dslc-last-col dslc-valign- \" data-size=\"12\" data-valign=\"\">\n\t\t<div id=\"dslc-module-0f9e1086bc9\" class=\"dslc-module-front dslc-module-DSLC_Text_Simple dslc-in-viewport-check dslc-in-viewport-anim-none  dslc-col dslc-12-col dslc-last-col  dslc-module-handle-like-regular \" data-module-id=\"0f9e1086bc9\" data-module=\"DSLC_Text_Simple\" data-dslc-module-size=\"12\" data-dslc-anim=\"none\" data-dslc-anim-delay=\"\" data-dslc-anim-duration=\"650\"  data-dslc-anim-easing=\"ease\" data-dslc-preset=\"none\" >\n\n\t\t\t\n\t\t\t\n\t\t\r\n\t\t<div class=\"dslc-text-module-content\">\r\n\t\t\t<p>Mein pers\u00f6nlicher Saisonabschluss fand vor heimischem Publikum statt. Nachdem ich mich 2012 \u2013 ja, so lange ist das her \u2013 eigentlich aus dem klassischen Enduro verabschiedet hatte, fuhr ich 2014 das letzte Mal \u201eRund um Zschopau\" auf einer 350er.<\/p>\t\t<\/div>\r\n\r\n\t\t\n\t\t\t\t<\/div><!-- .dslc-module -->\n\t\t\n\t\t<div id=\"dslc-module-be3e344c333\" class=\"dslc-module-front dslc-module-DSLC_Image dslc-in-viewport-check dslc-in-viewport-anim-none  dslc-col dslc-12-col dslc-last-col  dslc-module-handle-like-regular \" data-module-id=\"be3e344c333\" data-module=\"DSLC_Image\" data-dslc-module-size=\"12\" data-dslc-anim=\"none\" data-dslc-anim-delay=\"\" data-dslc-anim-duration=\"650\"  data-dslc-anim-easing=\"ease\" data-dslc-preset=\"none\" >\n\n\t\t\t\n\t\t\t\n\t\t\t\t<div class=\"dslc-image-container\">\r\n\t\t<div class=\"dslc-image\">\r\n\r\n\t\t\t\r\n\t\t\t\t\r\n\t\t\t\t\t\t\t\t\t<img src=\"https:\/\/teucher-marcel.de\/wp-content\/uploads\/2024\/10\/DEM_6610-scaled.jpg\" alt=\"\" title=\"\" srcset=\"https:\/\/teucher-marcel.de\/wp-content\/uploads\/2024\/10\/DEM_6610-scaled.jpg 2560w, https:\/\/teucher-marcel.de\/wp-content\/uploads\/2024\/10\/DEM_6610-300x200.jpg 300w, https:\/\/teucher-marcel.de\/wp-content\/uploads\/2024\/10\/DEM_6610-1024x683.jpg 1024w, https:\/\/teucher-marcel.de\/wp-content\/uploads\/2024\/10\/DEM_6610-768x512.jpg 768w, https:\/\/teucher-marcel.de\/wp-content\/uploads\/2024\/10\/DEM_6610-1536x1024.jpg 1536w, https:\/\/teucher-marcel.de\/wp-content\/uploads\/2024\/10\/DEM_6610-2048x1365.jpg 2048w\" sizes=\"(max-width: 2560px) 100vw, 2560px\" \/>\r\n\t\t\t\t\r\n\t\t\t\t\t\t\t\t\t<\/div><!-- .dslc-image -->\r\n\t\t<\/div>\r\n\t\t\n\t\t\t\t<\/div><!-- .dslc-module -->\n\t\t\n\t\t<div id=\"dslc-module-ba14d8e9320\" class=\"dslc-module-front dslc-module-DSLC_Text_Simple dslc-in-viewport-check dslc-in-viewport-anim-none  dslc-col dslc-12-col dslc-last-col  dslc-module-handle-like-regular \" data-module-id=\"ba14d8e9320\" data-module=\"DSLC_Text_Simple\" data-dslc-module-size=\"12\" data-dslc-anim=\"none\" data-dslc-anim-delay=\"\" data-dslc-anim-duration=\"650\"  data-dslc-anim-easing=\"ease\" data-dslc-preset=\"none\" >\n\n\t\t\t\n\t\t\t\n\t\t\r\n\t\t<div class=\"dslc-text-module-content\">\r\n\t\t\tJetzt, genau 10 Jahre sp\u00e4ter, reizte es mich sehr, mal wieder zu schauen, was aus dem \u201eMythos Rund um Zschopau\" geworden ist. Es hei\u00dft ja, in Zschopau liegt die Wiege des Endurosports. Zschopau brachte jede Menge lebende Legenden hervor, allen voran mein alter Teamchef Harald Sturm. Doch was genau macht Zschopau so besonders? Diese Frage stellte ich mir auch und wollte wieder einmal wissen, wie es ist, Runde f\u00fcr Runde drei Tests gegen die Stoppuhr zu fahren und die bekannten Erzgebirgischen Trails wie Weberhang, H\u00fcblerbusch, Skihang, Waldgebiet B\u00f6rnichen und vieles mehr unter den Stollen zu nehmen. Doch es hat sich sehr viel ge\u00e4ndert. Was sich nicht ge\u00e4ndert hat, sind die Tausenden Fans, verteilt auf der fast 70 km langen Strecke, die meiner Meinung nach den Mythos Zschopau ausmachen \u2013 Ihr wart absolute Spitzenklasse! Es war mir eine riesige Freude, unter Euren Anfeuerungsrufen Runde f\u00fcr Runde Gas zu geben.\n\nZur Strecke: Die ersten Abschnitte waren leider gepr\u00e4gt von Asphalt und monotonen Schotterwegen. F\u00fcr mich war das grunds\u00e4tzlich okay, da ich mich auf diesen Wegen gut ausruhen konnte und somit einen entspannten Tag hatte. Doch ich kenne \u201eRund um Zschopau\" noch aus meinen Enduro-Anfangszeiten, wo es fast ausschlie\u00dflich durchs Gel\u00e4nde ging. So hatte ich einen sch\u00f6nen Vergleich. Sei's drum, wir k\u00f6nnen froh sein, dass es \u00fcberhaupt noch Enthusiasten gibt, die so eine gro\u00dfe Veranstaltung mit all den H\u00fcrden, die es zu \u00fcberwinden gilt, auf die Beine stellen.\n\n<a href=\"https:\/\/teucher-marcel.de\/wp-content\/uploads\/2024\/10\/DEM_6988-scaled.jpg\"><img class=\"aligncenter size-full wp-image-7283\" src=\"https:\/\/teucher-marcel.de\/wp-content\/uploads\/2024\/10\/DEM_6988-scaled.jpg\" alt=\"\" width=\"2560\" height=\"1707\"><\/a>\n\nRichtig gut war der Test bei Waldkirchen im H\u00fcblerbusch. Leider war es auch der Test, bei dem ich die meisten Fehler machte und auf dem Betonstra\u00dfenabschnitt wirklich im Schneckentempo unterwegs war. Am Skihang lief es f\u00fcr meine Verh\u00e4ltnisse ganz okay. In Wei\u00dfbach, auf der schnellen Enduropr\u00fcfung, f\u00fchlte ich mich jedoch super unwohl.\n\n<a href=\"https:\/\/teucher-marcel.de\/wp-content\/uploads\/2024\/10\/DEM_9617-scaled.jpg\"><img class=\"aligncenter size-full wp-image-7282\" src=\"https:\/\/teucher-marcel.de\/wp-content\/uploads\/2024\/10\/DEM_9617-scaled.jpg\" alt=\"\" width=\"2560\" height=\"1707\"><\/a>\n\n\u00a0\n\nDas schnelle Geballer durch den Wald macht mir einfach keinen Spa\u00df. Hinzu kommt, dass ich mir die Tests besser h\u00e4tte anschauen m\u00fcssen, um wirklich zu wissen, wo es lang geht und welche Spur zu fahren ist, um schnellstm\u00f6glich durchzurollen. Ich ging zwar mit der Pr\u00e4misse \u201eSpa\u00df haben\" an den Start, aber der Ehrgeiz packt einen dann halt doch. Am Ende landete ich auf Platz 7 und Platz 31 im A-Championat. Nicht wirklich zufriedenstellend.\n\nBetreut wurde ich im Service vom Serviceteam Schaller, was super funktionierte. Vielen Dank an Euch! Richtig super Unterst\u00fctzung hatte ich durch mein neues Team ACE-Bikes-Lauter. Jens und Richard haben mir ab Freitagnachmittag gro\u00dfartig geholfen und waren bei jeder Pr\u00fcfung und im Service f\u00fcr mich da. Mir hat es an nichts gefehlt und ich habe mich super wohlgef\u00fchlt. Vielen lieben Dank!\n\nJetzt geht es f\u00fcr mich in die \u201eWinterpause\" und ich habe wieder mehr Zeit f\u00fcr die Familie und daf\u00fcr, am H\u00e4usl weiterzukommen.\n\n<a href=\"https:\/\/teucher-marcel.de\/wp-content\/uploads\/2024\/10\/DEM_9623-scaled.jpg\"><img class=\"aligncenter size-full wp-image-7281\" src=\"https:\/\/teucher-marcel.de\/wp-content\/uploads\/2024\/10\/DEM_9623-scaled.jpg\" alt=\"\" width=\"2560\" height=\"1707\"><\/a>\n\n\u00a0\n\n\u00a0\t\t<\/div>\r\n\r\n\t\t\n\t\t\t\t<\/div><!-- .dslc-module -->\n\t\t\n\t\t<div id=\"dslc-module-5239d12a52e\" class=\"dslc-module-front dslc-module-DSLC_Text_Simple dslc-in-viewport-check dslc-in-viewport-anim-none  dslc-col dslc-12-col dslc-last-col  dslc-module-handle-like-regular \" data-module-id=\"5239d12a52e\" data-module=\"DSLC_Text_Simple\" data-dslc-module-size=\"12\" data-dslc-anim=\"none\" data-dslc-anim-delay=\"\" data-dslc-anim-duration=\"650\"  data-dslc-anim-easing=\"ease\" data-dslc-preset=\"none\" >\n\n\t\t\t\n\t\t\t\n\t\t\r\n\t\t<div class=\"dslc-text-module-content\">\r\n\t\t\t\t\t<\/div>\r\n\r\n\t\t\n\t\t\t\t<\/div><!-- .dslc-module -->\n\t\t<\/div><div class=\"dslc-modules-area dslc-col dslc-12-col dslc-last-col dslc-valign- \" data-size=\"12\" data-valign=\"\">\n\t\t<div id=\"dslc-module-53bc7ab66f8\" class=\"dslc-module-front dslc-module-DSLC_Text_Simple dslc-in-viewport-check dslc-in-viewport-anim-none  dslc-col dslc-12-col dslc-last-col  dslc-module-handle-like-regular \" data-module-id=\"53bc7ab66f8\" data-module=\"DSLC_Text_Simple\" data-dslc-module-size=\"12\" data-dslc-anim=\"none\" data-dslc-anim-delay=\"\" data-dslc-anim-duration=\"650\"  data-dslc-anim-easing=\"ease\" data-dslc-preset=\"none\" >\n\n\t\t\t\n\t\t\t\n\t\t\r\n\t\t<div class=\"dslc-text-module-content\">\r\n\t\t\t<p><b>Fotos: DG Design \/ Denis G\u00fcnther<\/b><\/p>\t\t<\/div>\r\n\r\n\t\t\n\t\t\t\t<\/div><!-- .dslc-module -->\n\t\t<\/div><\/div><\/div>\n\t\t<div  class=\"dslc-modules-section \" style=\"\" data-section-id=\"0c9d1d6b6c5\">\n\t\t\t\t\n\t\t\t\t\n\t\t\t\t<div class=\"dslc-modules-section-wrapper dslc-clearfix\"><div class=\"dslc-modules-area dslc-col dslc-12-col dslc-last-col dslc-valign- \" data-size=\"12\" data-valign=\"\"><\/div><\/div><\/div><\/div><input type=\"hidden\" id=\"dslca-post-data-thumb\" value=\"https:\/\/teucher-marcel.de\/wp-content\/uploads\/2024\/10\/DEM_9617-scaled.jpg\" \/>","protected":false},"excerpt":{"rendered":"<p>Rund um Zschopau \u2013 Die Wiege des Endurosports Mein pers\u00f6nlicher Saisonabschluss fand vor heimischem Publikum statt. Nachdem ich mich 2012 \u2013 ja, so lange ist das her \u2013 eigentlich aus dem klassischen Enduro verabschiedet hatte, fuhr ich 2014 das letzte Mal \u201eRund um Zschopau&#8220; auf einer 350er. Jetzt, genau 10 Jahre sp\u00e4ter, reizte es mich [&hellip;]<\/p>\n","protected":false},"author":1,"featured_media":0,"parent":0,"menu_order":0,"comment_status":"closed","ping_status":"open","template":"","meta":{"ngg_post_thumbnail":0,"footnotes":"","_links_to":"","_links_to_target":""},"class_list":["post-6363","page","type-page","status-publish","hentry"],"_links":{"self":[{"href":"https:\/\/teucher-marcel.de\/index.php?rest_route=\/wp\/v2\/pages\/6363","targetHints":{"allow":["GET"]}}],"collection":[{"href":"https:\/\/teucher-marcel.de\/index.php?rest_route=\/wp\/v2\/pages"}],"about":[{"href":"https:\/\/teucher-marcel.de\/index.php?rest_route=\/wp\/v2\/types\/page"}],"author":[{"embeddable":true,"href":"https:\/\/teucher-marcel.de\/index.php?rest_route=\/wp\/v2\/users\/1"}],"replies":[{"embeddable":true,"href":"https:\/\/teucher-marcel.de\/index.php?rest_route=%2Fwp%2Fv2%2Fcomments&post=6363"}],"version-history":[{"count":1,"href":"https:\/\/teucher-marcel.de\/index.php?rest_route=\/wp\/v2\/pages\/6363\/revisions"}],"predecessor-version":[{"id":6364,"href":"https:\/\/teucher-marcel.de\/index.php?rest_route=\/wp\/v2\/pages\/6363\/revisions\/6364"}],"wp:attachment":[{"href":"https:\/\/teucher-marcel.de\/index.php?rest_route=%2Fwp%2Fv2%2Fmedia&parent=6363"}],"curies":[{"name":"wp","href":"https:\/\/api.w.org\/{rel}","templated":true}]}}