{"id":945,"date":"2013-11-13T10:47:56","date_gmt":"2013-11-13T08:47:56","guid":{"rendered":"http:\/\/www.teucher-marcel.de\/?page_id=945"},"modified":"2014-07-09T09:23:20","modified_gmt":"2014-07-09T09:23:20","slug":"melz-exdraehm-10-11-2013","status":"publish","type":"page","link":"https:\/\/teucher-marcel.de\/?page_id=945","title":{"rendered":"Melz Exdr\u00e4hm 10.11.2013"},"content":{"rendered":"<div id=\"dslc-main\">\n\t\t<div  class=\"dslc-modules-section \" style=\"background-color:rgb(0, 0, 0);background-image:url(https:\/\/teucher-marcel.de\/wp-content\/uploads\/2016\/07\/IMG_1255.jpg);background-repeat:no-repeat;background-position:center center;background-attachment:fixed;background-size:cover;\" data-section-id=\"\">\n\t\t\t\t<div class=\"dslc-bg-video dslc-force-show\"><div class=\"dslc-bg-video-overlay\" style=\"background-color:#000000; opacity:0.7; \"><\/div><\/div>\n\t\t\t\t\n\t\t\t\t<div class=\"dslc-modules-section-wrapper dslc-clearfix\"> <div class=\"dslc-modules-area dslc-col dslc-12-col dslc-last-col\" data-size=\"12\" data-valign=\"\">\n\t\t<div id=\"dslc-module-376\" class=\"dslc-module-front dslc-module-DSLC_TP_Title dslc-in-viewport-check dslc-in-viewport-anim-none  dslc-col dslc-12-col  dslc-module-handle-like-regular \" data-module-id=\"376\" data-module=\"DSLC_TP_Title\" data-dslc-module-size=\"12\" data-dslc-anim=\"none\" data-dslc-anim-delay=\"0\" data-dslc-anim-duration=\"650\"  data-dslc-anim-easing=\"ease\" data-dslc-preset=\"none\" >\n\n\t\t\t\n\t\t\t\n\t\t\r\n\t\t\t\t<div class=\"dslc-tp-title\"><h1>Melz Exdr\u00e4hm 10.11.2013<\/h1><\/div>\r\n\r\n\t\t\t\n\t\t\t\t<\/div><!-- .dslc-module -->\n\t\t<\/div> <div class=\"dslc-modules-area dslc-col dslc-12-col dslc-last-col\" data-size=\"12\" data-valign=\"\">\n\t\t<div id=\"dslc-module-377\" class=\"dslc-module-front dslc-module-DSLC_Text_Simple dslc-in-viewport-check dslc-in-viewport-anim-dslcFadeIn  dslc-col dslc-12-col  dslc-module-handle-like-regular \" data-module-id=\"377\" data-module=\"DSLC_Text_Simple\" data-dslc-module-size=\"12\" data-dslc-anim=\"dslcFadeIn\" data-dslc-anim-delay=\"1000\" data-dslc-anim-duration=\"3000\"  data-dslc-anim-easing=\"ease\" data-dslc-preset=\"none\" >\n\n\t\t\t\n\t\t\t\n\t\t\r\n\t\t<div class=\"dslc-text-module-content\">\r\n\t\t\t<p style=\"text-align: justify;\"><span style=\"color: #ffffff;\"><a href=\"http:\/\/teucher-marcel.de\/wp-content\/uploads\/2013\/11\/Melz.jpg\"><span style=\"color: #ffffff;\"><img width=\"699\" height=\"328\" class=\"aligncenter size-full wp-image-949\" alt=\"Melz\" src=\"http:\/\/teucher-marcel.de\/wp-content\/uploads\/2013\/11\/Melz.jpg\"><\/span><\/a><\/span><\/p><p style=\"text-align: justify;\"><span style=\"color: #ffffff;\">Das Melz Exdr\u00e4hm ist ein Rennen, bei dem ich endlich mal mit Freude an den Start gehen wollte. Dem Melz eilt ein gro\u00dfer Mythos voraus denn dieses Rennen besteht meiner Meinung nach aus einem guten Mix aus Enduro \/ Extremen Passagen und trailartigen Hindernissen. Doch was es genau sein wird, konnte ich endlich herausfinden.<\/span><\/p><p style=\"text-align: justify;\"><span style=\"color: #ffffff;\">Der Modus: Ganz einfach. Ca. 11km lang, drei Stunden Zeitlimit, eine Runde und bis auf eine Ausnahme war die komplette Strecke als \u201eno-help-zone\u201c deklariert.<\/span><\/p><p style=\"text-align: justify;\"><span style=\"color: #ffffff;\">Das Gl\u00fcck war etwas auf meiner Seite und so erwischte ich die 2. Startreihe! Aus meiner Sicht w\u00e4re eine Qualifikation ratsam, denn wer weit hinten starten muss, hat auf der engen Strecke arg mit \u00dcberholungen zu k\u00e4mpfen. Ein kurzer Prolog w\u00fcrde die Chancengleichheit bei der Startplatzvergabe gew\u00e4hrleisten. Pech hatte ich aber dann doch noch. Kurz vor dem Start bemerkte ich, dass mein Trinkrucksack noch zuhause lag...:( wo ich doch beim Fahren gern und viel trinke).<\/span><\/p><p style=\"text-align: justify;\"><span style=\"color: #ffffff;\"><a href=\"http:\/\/teucher-marcel.de\/wp-content\/uploads\/2013\/11\/IMG_1245.jpg\"><span style=\"color: #ffffff;\"><img width=\"700\" height=\"467\" class=\"aligncenter  wp-image-985\" alt=\"IMG_1245\" src=\"http:\/\/teucher-marcel.de\/wp-content\/uploads\/2013\/11\/IMG_1245.jpg\"><\/span><\/a><\/span><\/p><p style=\"text-align: justify;\"><span style=\"color: #ffffff;\">Ich rollte also ohne USWE-Schnelltrinksystem aus der zweiten Reihe los. Zusammen mit Markus Dengler und Martin Wilholdt zog ich auf die Melz Runde. Gleich nach dem Start machte ich einen schweren Fehler an einem Baumstammhindernis und st\u00fcrzte heftig. Ich hatte gleich schmerzen in der Schulter und im Ellenbogen. Bl\u00f6derweise lag mein Motorrad auf meinem Fu\u00df, sodass ich nicht aufstehen konnte. Inzwischen hatte mich die dritte Startreihe schon ein- und \u00fcberholt.<\/span><\/p><p style=\"text-align: justify;\"><span style=\"color: #ffffff;\">So machte ich mich auf den Weg um Dirk Peter hinter her zu eilen. Am n\u00e4chsten schwierigen Reifen\/Betonrohr\/Reifen-Hindernis hatte ich Dirk ein, wartete aber bis er dr\u00fcber war. Ich fuhr das Hindernis aber auch falsch an und so ging mein erster Versuch leider in die Hose. Nun war auch schon Eddie Findling da. Ich \u00fcberlie\u00df ihm den Vortritt, da ich eh noch am Mopped wenden war und irgendwie schon da Bed\u00fcrfnis versp\u00fcrte, etwas zu trinken. Er schaffte es aber auch nicht und hob sein Mopped \u00fcber das Betonrohr. Es tat sich etwas Platz neben Eddi auf. Ich nutzte die L\u00fccke und mein zweiter Versuch klappte einwandfrei. Warum nicht gleich so, dachte ich mir.<\/span><\/p><p style=\"text-align: justify;\"><span style=\"color: #ffffff;\">Die restlichen Hindernisse nahm ich auch ohne Probleme und versuchte im ersten richtigen Offroadabschnitt etwas Druck zu machen. Doch irgendwie schmerzte meine Schulter beim schneller fahren. Also nahm ich Speed raus und fuhr locker durch. Die gef\u00fcrchtete L\u00f6schwasserbeckenpassage erwies sich als eher unproblematisch. Auch die anderen Abschnitte konnte ich bis auf den \u201eHillclimbinghang\u201c fast problemlos durchfahren. Das eigentliche Problem, was ich hatte, war die mangelnde Fl\u00fcssigkeitszufuhr. Ich bin es nicht mehr gew\u00f6hnt, ohne Wasser zu fahren. So machte ich immer wieder ein Paar kurze Zwangspausen und nahm mir was zu trinken aus der G\u00fcrteltasche. Ich wei\u00df, alles verlorene Zeit, aber ohne Wasser kann ich einfach nicht. Die \u201eSpielstra\u00dfe\u201c war ein klasse Abschnitt, welcher richtig viel Kraft gekostet hat. Mal abgesehen vom unn\u00f6tigen Sprung \u00fcbers Wasserloch. Die Anfahrt, also die klitschige Absprungplatte, sollte etwas modifiziert werden, klar ich habe es geschafft, aber dort haben sich viele Piloten \u201eentsch\u00e4rft\u201c. Gute Besserung an Eddie, der sich dort das Bein brach. :( ...<\/span><\/p><p style=\"text-align: justify;\"><span style=\"color: #ffffff;\"><a href=\"http:\/\/teucher-marcel.de\/wp-content\/uploads\/2013\/11\/IMG_1422.jpg\"><span style=\"color: #ffffff;\"><img width=\"700\" height=\"467\" class=\"aligncenter  wp-image-986\" alt=\"IMG_1422\" src=\"http:\/\/teucher-marcel.de\/wp-content\/uploads\/2013\/11\/IMG_1422.jpg\"><\/span><\/a><\/span><\/p><p style=\"text-align: justify;\"><span style=\"color: #ffffff;\">Der Hillclimbinghang war mit Abstand der schwerste. Nicht etwa weil er so steil ist, oder sonderlich lang, man f\u00e4hrt etwas schr\u00e4g zum Hang mit ausgefahrenen Steinen, was sehr schwer ist. Der Schwung am Hang passte, doch ich hatte zu wenig Druck auf die rechte Raste gegeben und rutsche im oberen Drittel weg und kam zum Stehen. Es waren aber gleich Helfer da, die mich und mein Mopped binnen Sekunden mit einem Seil hochgezogen haben.<\/span><\/p><p style=\"text-align: justify;\"><span style=\"color: #ffffff;\">Danach kamen kaum noch schwere Abschnitte, doch bei mir war schon lange der Wurm drin. Meine Schulter tat weh und so f\u00e4hrt man, keine Ahnung, sagen wir verhalten. Und so macht man auch mehr Fehler. Fehler kosten Kraft... weniger Kraft f\u00fchrt zu mehr Fehler, ihr kennt den Teufelskreislauf. Dirk Grocholsky kam von hinten, als ich eine kurze knackige Auffahrt nicht gleich hochgekommen bin. Ich lie\u00df mich aber nicht aus meinen lockeren Rhythmus bringen und fuhr weiter vorne weg. Dann patze ich an einer Steinpassage und habe mein Mopped nicht beim ersten Versuch hochbekommen. Dort \u00fcberholte mich Grawallo. Doch er blieb auch h\u00e4ngen. Und ich kam beim zweiten Versuch problemlos hoch... Kopfsache, das Hindernis... aber was solls... Ich fuhr ihm locker hinterher bis wir ins Reifenlager kamen. Ein weiteres Highlight auf der Melz Strecke. Ich half dort Grawallo aus der Patsche und brauchte dann an gleicher Stelle auch Hilfe. Matthias Holzbrecher kam dann von hinten und konnte mir helfen, nach dem ich auch ihm geholfen habe. Bei mir war nach dem vielen Heben eh die Luft raus. Meine Schulter machte sich immer mehr bemerkbar. So bildeten wir ein Zweier-Team und fuhren den Rest locker ins Ziel. Klar schneller w\u00e4re drin gewesen, aber sind wir mal ehrlich, es ging um nix und warum sollte man es dann angeschlagen noch herausfordern.<\/span><\/p><p style=\"text-align: justify;\"><span style=\"color: #ffffff;\"><a href=\"http:\/\/teucher-marcel.de\/wp-content\/uploads\/2013\/11\/IMG_1473.jpg\"><span style=\"color: #ffffff;\"><img width=\"700\" height=\"408\" class=\"aligncenter  wp-image-987\" alt=\"IMG_1473\" src=\"http:\/\/teucher-marcel.de\/wp-content\/uploads\/2013\/11\/IMG_1473.jpg\"><\/span><\/a><\/span><\/p><p style=\"text-align: justify;\"><span style=\"color: #ffffff;\">Alles in allem war das Rennen richtig cool und auch anspruchsvoll. Doch absolut kein Vergleich zu den gro\u00dfen Rennen im Jahr. Doch die vielen kleinen trailartigen Hindernisse wie die Riesen-Reifen, unz\u00e4hligen Bahnschwellen, Baumst\u00e4mme, Betonrohre und die wahnsinnig engen Trails mit kurzen knackigen Auf-und Abfahrten verliehen der Stecke die n\u00f6tige W\u00fcrze. Es gab kaum Passagen mit Flow. Ich denke, das ist das, was das Melz Exdr\u00e4hm zu einem wirklich schweren Rennen macht.<\/span><\/p><p style=\"text-align: justify;\"><span style=\"color: #ffffff;\"><a href=\"http:\/\/teucher-marcel.de\/?page_id=940\"><span style=\"color: #ffffff;\">Fotogalerie<\/span><\/a><\/span><\/p><p style=\"text-align: justify;\"><span style=\"color: #ffffff;\"><iframe width=\"750\" height=\"420\" src=\"\/\/player.vimeo.com\/video\/79206950\" frameborder=\"0\" allowfullscreen=\"allowfullscreen\"><\/iframe><\/span><\/p><p style=\"text-align: justify;\"><span style=\"color: #ffffff;\"><a href=\"http:\/\/vimeo.com\/79206950\"><span style=\"color: #ffffff;\">MelzExtrem 10.11.2013 - Onboard<\/span><\/a> from <a href=\"http:\/\/vimeo.com\/user22616532\"><span style=\"color: #ffffff;\">Enduro.de<\/span><\/a> on <a href=\"https:\/\/vimeo.com\"><span style=\"color: #ffffff;\">Vimeo<\/span><\/a>.<\/span><\/p>\t\t<\/div>\r\n\r\n\t\t\n\t\t\t\t<\/div><!-- .dslc-module -->\n\t\t<\/div> <\/div><\/div> \n\t\t<div  class=\"dslc-modules-section \" style=\"padding-bottom:21px;padding-top:21px;\" data-section-id=\"\">\n\t\t\t\t\n\t\t\t\t\n\t\t\t\t<div class=\"dslc-modules-section-wrapper dslc-clearfix\"> <div class=\"dslc-modules-area dslc-col dslc-12-col dslc-last-col\" data-size=\"12\" data-valign=\"\">\n\t\t<div id=\"dslc-module-378\" class=\"dslc-module-front dslc-module-DSLC_Navigation dslc-in-viewport-check dslc-in-viewport-anim-none  dslc-col dslc-12-col  dslc-module-handle-like-regular \" data-module-id=\"378\" data-module=\"DSLC_Navigation\" data-dslc-module-size=\"12\" data-dslc-anim=\"none\" data-dslc-anim-delay=\"0\" data-dslc-anim-duration=\"650\"  data-dslc-anim-easing=\"default\" data-dslc-preset=\"none\" >\n\n\t\t\t\n\t\t\t\n\t\t\t\t\t<div class=\"dslc-navigation dslc-navigation-sub-position-default dslc-navigation-res-t-disabled dslc-navigation-res-p-disabled dslc-navigation-orientation-horizontal\">\r\n\t\t\t\t<div class=\"dslc-navigation-inner\">\r\n\t\t\t\t\t<div class=\"menu-2-container\"><ul id=\"menu-3\" class=\"menu\"><li class=\"menu-item menu-item-type-custom menu-item-object-custom menu-item-home menu-item-5379\"><a href=\"http:\/\/teucher-marcel.de\">Home<\/a><\/li>\n<li class=\"menu-item menu-item-type-post_type menu-item-object-page menu-item-has-children menu-item-5380\"><a href=\"https:\/\/teucher-marcel.de\/?page_id=183\">News<\/a>\n<ul class=\"sub-menu\">\n\t<li class=\"menu-item menu-item-type-post_type menu-item-object-page menu-item-7382\"><a href=\"https:\/\/teucher-marcel.de\/?page_id=7378\">News 2026<\/a><\/li>\n\t<li class=\"menu-item menu-item-type-post_type menu-item-object-page menu-item-7321\"><a href=\"https:\/\/teucher-marcel.de\/?page_id=7319\">News 2025<\/a><\/li>\n\t<li class=\"menu-item menu-item-type-post_type menu-item-object-page menu-item-7228\"><a href=\"https:\/\/teucher-marcel.de\/?page_id=7225\">News 2024<\/a><\/li>\n\t<li class=\"menu-item menu-item-type-post_type menu-item-object-page menu-item-7189\"><a href=\"https:\/\/teucher-marcel.de\/?page_id=7175\">News 2022<\/a><\/li>\n\t<li class=\"menu-item menu-item-type-post_type menu-item-object-page menu-item-7155\"><a href=\"https:\/\/teucher-marcel.de\/?page_id=7153\">News 2021<\/a><\/li>\n\t<li class=\"menu-item menu-item-type-post_type menu-item-object-page menu-item-7047\"><a href=\"https:\/\/teucher-marcel.de\/?page_id=7044\">News 2020<\/a><\/li>\n\t<li class=\"menu-item menu-item-type-post_type menu-item-object-page menu-item-6826\"><a href=\"https:\/\/teucher-marcel.de\/?page_id=6824\">News 2019<\/a><\/li>\n\t<li class=\"menu-item menu-item-type-post_type menu-item-object-page menu-item-6388\"><a href=\"https:\/\/teucher-marcel.de\/?page_id=6363\">News  2018<\/a><\/li>\n\t<li class=\"menu-item menu-item-type-post_type menu-item-object-page menu-item-5909\"><a href=\"https:\/\/teucher-marcel.de\/?page_id=5907\">News 2017<\/a><\/li>\n\t<li class=\"menu-item menu-item-type-post_type menu-item-object-page menu-item-5381\"><a href=\"https:\/\/teucher-marcel.de\/?page_id=4880\">News 2016<\/a><\/li>\n\t<li class=\"menu-item menu-item-type-post_type menu-item-object-page menu-item-5382\"><a href=\"https:\/\/teucher-marcel.de\/?page_id=3865\">News 2015<\/a><\/li>\n\t<li class=\"menu-item menu-item-type-post_type menu-item-object-page menu-item-5383\"><a href=\"https:\/\/teucher-marcel.de\/?page_id=1066\">News 2014<\/a><\/li>\n\t<li class=\"menu-item menu-item-type-post_type menu-item-object-page menu-item-5385\"><a href=\"https:\/\/teucher-marcel.de\/?page_id=185\">News 2013<\/a><\/li>\n\t<li class=\"menu-item menu-item-type-post_type menu-item-object-page menu-item-5384\"><a href=\"https:\/\/teucher-marcel.de\/?page_id=315\">News 2012<\/a><\/li>\n<\/ul>\n<\/li>\n<li class=\"menu-item menu-item-type-post_type menu-item-object-page menu-item-5386\"><a href=\"https:\/\/teucher-marcel.de\/?page_id=5282\">Sportliche Laufbahn<\/a><\/li>\n<li class=\"menu-item menu-item-type-post_type menu-item-object-page menu-item-5387\"><a href=\"https:\/\/teucher-marcel.de\/?page_id=78\">Sponsoren<\/a><\/li>\n<li class=\"menu-item menu-item-type-post_type menu-item-object-page menu-item-has-children menu-item-5388\"><a href=\"https:\/\/teucher-marcel.de\/?page_id=4051\">Media<\/a>\n<ul class=\"sub-menu\">\n\t<li class=\"menu-item menu-item-type-custom menu-item-object-custom menu-item-7229\"><a href=\"https:\/\/www.instagram.com\/marcelteucher25\/\">Instagram<\/a><\/li>\n\t<li class=\"menu-item menu-item-type-custom menu-item-object-custom menu-item-5390\"><a href=\"http:\/\/teucher-marcel.de\/?page_id=710\">Fotogalerie<\/a><\/li>\n\t<li class=\"menu-item menu-item-type-post_type menu-item-object-page menu-item-5391\"><a href=\"https:\/\/teucher-marcel.de\/?page_id=4048\">Video<\/a><\/li>\n\t<li class=\"menu-item menu-item-type-post_type menu-item-object-page menu-item-5392\"><a href=\"https:\/\/teucher-marcel.de\/?page_id=537\">Presseberichte<\/a><\/li>\n\t<li class=\"menu-item menu-item-type-post_type menu-item-object-page menu-item-5393\"><a href=\"https:\/\/teucher-marcel.de\/?page_id=1165\">Mediaservice<\/a><\/li>\n<\/ul>\n<\/li>\n<li class=\"menu-item menu-item-type-post_type menu-item-object-page menu-item-5395\"><a href=\"https:\/\/teucher-marcel.de\/?page_id=749\">EnduroPro<\/a><\/li>\n<li class=\"menu-item menu-item-type-post_type menu-item-object-page menu-item-5397\"><a href=\"https:\/\/teucher-marcel.de\/?page_id=3948\">Impressum\/Kontakt<\/a><\/li>\n<\/ul><\/div>\r\n\t\t\t\t\t\t\t\t\t<\/div>\r\n\t\t\t<\/div>\r\n\t\t\t<div class=\"dslc-mobile-navigation dslc-navigation-res-t-disabled  dslc-navigation-res-p-disabled\">\r\n\t\t\t\t<select><option>- Select -<\/option><option value=\"http:\/\/teucher-marcel.de\" >Home<\/option><option value=\"https:\/\/teucher-marcel.de\/?page_id=183\" >News<\/option><option value=\"https:\/\/teucher-marcel.de\/?page_id=7378\" >News 2026<\/option><option value=\"https:\/\/teucher-marcel.de\/?page_id=7319\" >News 2025<\/option><option value=\"https:\/\/teucher-marcel.de\/?page_id=7225\" >News 2024<\/option><option value=\"https:\/\/teucher-marcel.de\/?page_id=7175\" >News 2022<\/option><option value=\"https:\/\/teucher-marcel.de\/?page_id=7153\" >News 2021<\/option><option value=\"https:\/\/teucher-marcel.de\/?page_id=7044\" >News 2020<\/option><option value=\"https:\/\/teucher-marcel.de\/?page_id=6824\" >News 2019<\/option><option value=\"https:\/\/teucher-marcel.de\/?page_id=6363\" >News  2018<\/option><option value=\"https:\/\/teucher-marcel.de\/?page_id=5907\" >News 2017<\/option><option value=\"https:\/\/teucher-marcel.de\/?page_id=4880\" >News 2016<\/option><option value=\"https:\/\/teucher-marcel.de\/?page_id=3865\" >News 2015<\/option><option value=\"https:\/\/teucher-marcel.de\/?page_id=1066\" > - News 2014<\/option><option value=\"https:\/\/teucher-marcel.de\/?page_id=185\" > - News 2013<\/option><option value=\"https:\/\/teucher-marcel.de\/?page_id=315\" > - News 2012<\/option><option value=\"https:\/\/teucher-marcel.de\/?page_id=5282\" >Sportliche Laufbahn<\/option><option value=\"https:\/\/teucher-marcel.de\/?page_id=78\" >Sponsoren<\/option><option value=\"https:\/\/teucher-marcel.de\/?page_id=4051\" >Media<\/option><option value=\"https:\/\/www.instagram.com\/marcelteucher25\/\" >Instagram<\/option><option value=\"http:\/\/teucher-marcel.de\/?page_id=710\" >Fotogalerie<\/option><option value=\"https:\/\/teucher-marcel.de\/?page_id=4048\" >Video<\/option><option value=\"https:\/\/teucher-marcel.de\/?page_id=537\" >Presseberichte<\/option><option value=\"https:\/\/teucher-marcel.de\/?page_id=1165\" >Mediaservice<\/option><option value=\"https:\/\/teucher-marcel.de\/?page_id=749\" >EnduroPro<\/option><option value=\"https:\/\/teucher-marcel.de\/?page_id=3948\" >Impressum\/Kontakt<\/option><\/select>\r\n\t\t\t\t<div class=\"dslc-mobile-navigation-hook\"><span class=\"dslc-icon dslc-icon-reorder\"><\/span><\/div>\r\n\t\t\t<\/div><!-- .dslc-mobile-navigation -->\r\n\r\n\t\t\t\r\n\t\t\t<script type=\"text\/javascript\">\r\n\t\t\t\tvar menuItems = document.querySelectorAll( '.dslc-navigation .menu > li.menu-item-has-children:not(.menu-with-arrow) > a' );\r\n\r\n\t\t\t\tfor (var i = 0, len = menuItems.length; i < len; i++) {\r\n\t\t\t\t  menuItems[i].insertAdjacentHTML('afterend', '<span class=\"dslc-navigation-arrow dslc-icon dslc-icon-chevron-down\"><\/span>');\r\n\t\t\t\t  menuItems[i].parentElement.className += \" menu-with-arrow\";\r\n\t\t\t\t}\r\n\t\t\t<\/script>\r\n\t\t\t\n\t\t\t\t<\/div><!-- .dslc-module -->\n\t\t<\/div> <\/div><\/div> <\/div><input type=\"hidden\" id=\"dslca-post-data-thumb\" value=\"\" \/>","protected":false},"excerpt":{"rendered":"<p>Melz Exdr\u00e4hm 10.11.2013 Das Melz Exdr\u00e4hm ist ein Rennen, bei dem ich endlich mal mit Freude an den Start gehen wollte. Dem Melz eilt ein gro\u00dfer Mythos voraus denn dieses Rennen besteht meiner Meinung nach aus einem guten Mix aus Enduro \/ Extremen Passagen und trailartigen Hindernissen. Doch was es genau sein wird, konnte ich [&hellip;]<\/p>\n","protected":false},"author":1,"featured_media":949,"parent":0,"menu_order":0,"comment_status":"closed","ping_status":"closed","template":"fullpage.php","meta":{"ngg_post_thumbnail":0,"footnotes":"","_links_to":"","_links_to_target":""},"class_list":["post-945","page","type-page","status-publish","has-post-thumbnail","hentry"],"_links":{"self":[{"href":"https:\/\/teucher-marcel.de\/index.php?rest_route=\/wp\/v2\/pages\/945","targetHints":{"allow":["GET"]}}],"collection":[{"href":"https:\/\/teucher-marcel.de\/index.php?rest_route=\/wp\/v2\/pages"}],"about":[{"href":"https:\/\/teucher-marcel.de\/index.php?rest_route=\/wp\/v2\/types\/page"}],"author":[{"embeddable":true,"href":"https:\/\/teucher-marcel.de\/index.php?rest_route=\/wp\/v2\/users\/1"}],"replies":[{"embeddable":true,"href":"https:\/\/teucher-marcel.de\/index.php?rest_route=%2Fwp%2Fv2%2Fcomments&post=945"}],"version-history":[{"count":2,"href":"https:\/\/teucher-marcel.de\/index.php?rest_route=\/wp\/v2\/pages\/945\/revisions"}],"predecessor-version":[{"id":1436,"href":"https:\/\/teucher-marcel.de\/index.php?rest_route=\/wp\/v2\/pages\/945\/revisions\/1436"}],"wp:featuredmedia":[{"embeddable":true,"href":"https:\/\/teucher-marcel.de\/index.php?rest_route=\/"}],"wp:attachment":[{"href":"https:\/\/teucher-marcel.de\/index.php?rest_route=%2Fwp%2Fv2%2Fmedia&parent=945"}],"curies":[{"name":"wp","href":"https:\/\/api.w.org\/{rel}","templated":true}]}}